{"id":8757,"date":"2026-09-01T12:50:38","date_gmt":"2026-09-01T15:50:38","guid":{"rendered":"https:\/\/www.childhood.org.br\/?post_type=acoes-e-iniciativas&#038;p=8757"},"modified":"2026-09-01T13:15:08","modified_gmt":"2026-09-01T16:15:08","slug":"lancamento-podcast-papo-na-mao-certa","status":"publish","type":"acoes-e-iniciativas","link":"https:\/\/www.childhood.org.br\/acoes-e-iniciativas\/lancamento-podcast-papo-na-mao-certa\/","title":{"rendered":"Childhood Brasil lan\u00e7a podcast &#8220;Papo Na M\u00e3o Certa&#8221; para marcar 20 anos da iniciativa de enfrentamento \u00e0 explora\u00e7\u00e3o sexual de crian\u00e7as e adolescentes"},"content":{"rendered":"","protected":true},"featured_media":8759,"template":"","meta":{"_acf_changed":false},"tags":[44,32],"class_list":["post-8757","acoes-e-iniciativas","type-acoes-e-iniciativas","status-publish","post-password-required","hentry","tag-podcast","tag-programa-na-mao-certa"],"acf":[],"yoast_head":"<!-- This site is optimized with the Yoast SEO plugin v19.14 - https:\/\/yoast.com\/wordpress\/plugins\/seo\/ -->\n<title>Childhood Brasil lan\u00e7a podcast &quot;Papo Na M\u00e3o Certa&quot; para marcar 20 anos da iniciativa de enfrentamento \u00e0 explora\u00e7\u00e3o sexual de crian\u00e7as e adolescentes - Childhood Brasil<\/title>\n<meta name=\"robots\" content=\"index, follow, max-snippet:-1, max-image-preview:large, max-video-preview:-1\" \/>\n<link rel=\"canonical\" href=\"https:\/\/www.childhood.org.br\/acoes-e-iniciativas\/lancamento-podcast-papo-na-mao-certa\/\" \/>\n<meta property=\"og:locale\" content=\"pt_BR\" \/>\n<meta property=\"og:type\" content=\"article\" \/>\n<meta property=\"og:title\" content=\"Childhood Brasil lan\u00e7a podcast &quot;Papo Na M\u00e3o Certa&quot; para marcar 20 anos da iniciativa de enfrentamento \u00e0 explora\u00e7\u00e3o sexual de crian\u00e7as e adolescentes - Childhood Brasil\" \/>\n<meta property=\"og:description\" content=\"N\u00e3o h\u00e1 resumo por ser um post protegido.\" \/>\n<meta property=\"og:url\" content=\"https:\/\/www.childhood.org.br\/acoes-e-iniciativas\/lancamento-podcast-papo-na-mao-certa\/\" \/>\n<meta property=\"og:site_name\" content=\"Childhood Brasil\" \/>\n<meta property=\"article:modified_time\" content=\"2026-09-01T16:15:08+00:00\" \/>\n<meta name=\"twitter:card\" content=\"summary_large_image\" \/>\n<meta name=\"twitter:label1\" content=\"Est. tempo de leitura\" \/>\n\t<meta name=\"twitter:data1\" content=\"2 minutos\" \/>\n<script type=\"application\/ld+json\" class=\"yoast-schema-graph\">{\"@context\":\"https:\/\/schema.org\",\"@graph\":[{\"@type\":\"WebPage\",\"@id\":\"https:\/\/www.childhood.org.br\/acoes-e-iniciativas\/lancamento-podcast-papo-na-mao-certa\/\",\"url\":\"https:\/\/www.childhood.org.br\/acoes-e-iniciativas\/lancamento-podcast-papo-na-mao-certa\/\",\"name\":\"Childhood Brasil lan\u00e7a podcast \\\"Papo Na M\u00e3o Certa\\\" para marcar 20 anos da iniciativa de enfrentamento \u00e0 explora\u00e7\u00e3o sexual de crian\u00e7as e adolescentes - Childhood Brasil\",\"isPartOf\":{\"@id\":\"https:\/\/www.childhood.org.br\/#website\"},\"datePublished\":\"2026-09-01T15:50:38+00:00\",\"dateModified\":\"2026-09-01T16:15:08+00:00\",\"breadcrumb\":{\"@id\":\"https:\/\/www.childhood.org.br\/acoes-e-iniciativas\/lancamento-podcast-papo-na-mao-certa\/#breadcrumb\"},\"inLanguage\":\"pt-BR\"},{\"@type\":\"WebSite\",\"@id\":\"https:\/\/www.childhood.org.br\/#website\",\"url\":\"https:\/\/www.childhood.org.br\/\",\"name\":\"Childhood Brasil\",\"description\":\"Pioneiros na luta contra o abuso e a explora\u00e7\u00e3o sexual DE crian\u00e7as e adolescentes\",\"potentialAction\":[{\"@type\":\"SearchAction\",\"target\":{\"@type\":\"EntryPoint\",\"urlTemplate\":\"https:\/\/www.childhood.org.br\/?s={search_term_string}\"},\"query-input\":\"required name=search_term_string\"}],\"inLanguage\":\"pt-BR\"}]}<\/script>\n<!-- \/ Yoast SEO plugin. -->","yoast_head_json":{"title":"Childhood Brasil lan\u00e7a podcast \"Papo Na M\u00e3o Certa\" para marcar 20 anos da iniciativa de enfrentamento \u00e0 explora\u00e7\u00e3o sexual de crian\u00e7as e adolescentes - Childhood Brasil","robots":{"index":"index","follow":"follow","max-snippet":"max-snippet:-1","max-image-preview":"max-image-preview:large","max-video-preview":"max-video-preview:-1"},"canonical":"https:\/\/www.childhood.org.br\/acoes-e-iniciativas\/lancamento-podcast-papo-na-mao-certa\/","og_locale":"pt_BR","og_type":"article","og_title":"Childhood Brasil lan\u00e7a podcast \"Papo Na M\u00e3o Certa\" para marcar 20 anos da iniciativa de enfrentamento \u00e0 explora\u00e7\u00e3o sexual de crian\u00e7as e adolescentes - Childhood Brasil","og_description":"N\u00e3o h\u00e1 resumo por ser um post protegido.","og_url":"https:\/\/www.childhood.org.br\/acoes-e-iniciativas\/lancamento-podcast-papo-na-mao-certa\/","og_site_name":"Childhood Brasil","article_modified_time":"2026-09-01T16:15:08+00:00","twitter_card":"summary_large_image","twitter_misc":{"Est. tempo de leitura":"2 minutos"},"schema":{"@context":"https:\/\/schema.org","@graph":[{"@type":"WebPage","@id":"https:\/\/www.childhood.org.br\/acoes-e-iniciativas\/lancamento-podcast-papo-na-mao-certa\/","url":"https:\/\/www.childhood.org.br\/acoes-e-iniciativas\/lancamento-podcast-papo-na-mao-certa\/","name":"Childhood Brasil lan\u00e7a podcast \"Papo Na M\u00e3o Certa\" para marcar 20 anos da iniciativa de enfrentamento \u00e0 explora\u00e7\u00e3o sexual de crian\u00e7as e adolescentes - Childhood Brasil","isPartOf":{"@id":"https:\/\/www.childhood.org.br\/#website"},"datePublished":"2026-09-01T15:50:38+00:00","dateModified":"2026-09-01T16:15:08+00:00","breadcrumb":{"@id":"https:\/\/www.childhood.org.br\/acoes-e-iniciativas\/lancamento-podcast-papo-na-mao-certa\/#breadcrumb"},"inLanguage":"pt-BR"},{"@type":"WebSite","@id":"https:\/\/www.childhood.org.br\/#website","url":"https:\/\/www.childhood.org.br\/","name":"Childhood Brasil","description":"Pioneiros na luta contra o abuso e a explora\u00e7\u00e3o sexual DE crian\u00e7as e adolescentes","potentialAction":[{"@type":"SearchAction","target":{"@type":"EntryPoint","urlTemplate":"https:\/\/www.childhood.org.br\/?s={search_term_string}"},"query-input":"required name=search_term_string"}],"inLanguage":"pt-BR"}]}},"_links":{"self":[{"href":"https:\/\/www.childhood.org.br\/api\/wp\/v2\/acoes-e-iniciativas\/8757","targetHints":{"allow":["GET"]}}],"collection":[{"href":"https:\/\/www.childhood.org.br\/api\/wp\/v2\/acoes-e-iniciativas"}],"about":[{"href":"https:\/\/www.childhood.org.br\/api\/wp\/v2\/types\/acoes-e-iniciativas"}],"wp:featuredmedia":[{"embeddable":true,"href":"https:\/\/www.childhood.org.br\/api\/wp\/v2\/media\/8759"}],"wp:attachment":[{"href":"https:\/\/www.childhood.org.br\/api\/wp\/v2\/media?parent=8757"}],"wp:term":[{"taxonomy":"post_tag","embeddable":true,"href":"https:\/\/www.childhood.org.br\/api\/wp\/v2\/tags?post=8757"}],"curies":[{"name":"wp","href":"https:\/\/api.w.org\/{rel}","templated":true}]}}

Childhood Brasil lança podcast &#8220;Papo Na Mão Certa&#8221; para marcar 20 anos da iniciativa de enfrentamento à exploração sexual de crianças e adolescentes

<!-- This site is optimized with the Yoast SEO plugin v19.14 - https://yoast.com/wordpress/plugins/seo/ -->
<title>Childhood Brasil lança podcast &quot;Papo Na Mão Certa&quot; para marcar 20 anos da iniciativa de enfrentamento à exploração sexual de crianças e adolescentes - Childhood Brasil</title>
<meta name="robots" content="index, follow, max-snippet:-1, max-image-preview:large, max-video-preview:-1" />
<link rel="canonical" href="https://www.childhood.org.br/acoes-e-iniciativas/lancamento-podcast-papo-na-mao-certa/" />
<meta property="og:locale" content="pt_BR" />
<meta property="og:type" content="article" />
<meta property="og:title" content="Childhood Brasil lança podcast &quot;Papo Na Mão Certa&quot; para marcar 20 anos da iniciativa de enfrentamento à exploração sexual de crianças e adolescentes - Childhood Brasil" />
<meta property="og:description" content="Não há resumo por ser um post protegido." />
<meta property="og:url" content="https://www.childhood.org.br/acoes-e-iniciativas/lancamento-podcast-papo-na-mao-certa/" />
<meta property="og:site_name" content="Childhood Brasil" />
<meta property="article:modified_time" content="2026-09-01T16:15:08+00:00" />
<meta name="twitter:card" content="summary_large_image" />
<meta name="twitter:label1" content="Est. tempo de leitura" />
	<meta name="twitter:data1" content="2 minutos" />
<script type="application/ld+json" class="yoast-schema-graph">{"@context":"https://schema.org","@graph":[{"@type":"WebPage","@id":"https://www.childhood.org.br/acoes-e-iniciativas/lancamento-podcast-papo-na-mao-certa/","url":"https://www.childhood.org.br/acoes-e-iniciativas/lancamento-podcast-papo-na-mao-certa/","name":"Childhood Brasil lança podcast \"Papo Na Mão Certa\" para marcar 20 anos da iniciativa de enfrentamento à exploração sexual de crianças e adolescentes - Childhood Brasil","isPartOf":{"@id":"https://www.childhood.org.br/#website"},"datePublished":"2026-09-01T15:50:38+00:00","dateModified":"2026-09-01T16:15:08+00:00","breadcrumb":{"@id":"https://www.childhood.org.br/acoes-e-iniciativas/lancamento-podcast-papo-na-mao-certa/#breadcrumb"},"inLanguage":"pt-BR"},{"@type":"WebSite","@id":"https://www.childhood.org.br/#website","url":"https://www.childhood.org.br/","name":"Childhood Brasil","description":"Pioneiros na luta contra o abuso e a exploração sexual DE crianças e adolescentes","potentialAction":[{"@type":"SearchAction","target":{"@type":"EntryPoint","urlTemplate":"https://www.childhood.org.br/?s={search_term_string}"},"query-input":"required name=search_term_string"}],"inLanguage":"pt-BR"}]}</script>
<!-- / Yoast SEO plugin. -->

Childhood Brasil lança podcast "Papo Na Mão Certa" para marcar 20 anos da iniciativa de enfrentamento à exploração sexual de crianças e adolescentes - Childhood Brasil

Não há resumo por ser um post protegido.

Pioneiros na luta contra o abuso e a exploração sexual DE crianças e adolescentes
