{"id":773,"date":"2022-07-22T13:04:40","date_gmt":"2022-07-22T16:04:40","guid":{"rendered":"https:\/\/childhoodbrasil.c7net.com.br\/?p=773"},"modified":"2026-02-27T13:03:11","modified_gmt":"2026-02-27T16:03:11","slug":"saude-mental-os-impactos-do-abuso-sexual-na-infancia-e-adolescencia","status":"publish","type":"acoes-e-iniciativas","link":"https:\/\/www.childhood.org.br\/acoes-e-iniciativas\/saude-mental-os-impactos-do-abuso-sexual-na-infancia-e-adolescencia\/","title":{"rendered":"Sa\u00fade mental: os impactos do abuso sexual na inf\u00e2ncia e adolesc\u00eancia"},"content":{"rendered":"<p>Como sempre falamos, o apoio psicol\u00f3gico para crian\u00e7as e adolescentes ap\u00f3s a ocorr\u00eancia de uma viol\u00eancia sexual \u00e9 imprescind\u00edvel para evitar a revitimiza\u00e7\u00e3o e ajudar a v\u00edtima a lidar com esse trauma e amenizar as in\u00fameras consequ\u00eancias e marcas no comportamento e nas rela\u00e7\u00f5es interpessoais deixadas a longo prazo.<\/p>\n<p>Esse tipo de viol\u00eancia pode gerar diversas quest\u00f5es para a crian\u00e7a ou adolescente que o sofreu. Isso porque, quando a viol\u00eancia \u00e9 praticada por algum parente ou conhecido da v\u00edtima \u2013 a forma mais comum desse tipo de viol\u00eancia \u2013\u00a0 a vis\u00e3o de seguran\u00e7a, confian\u00e7a e prote\u00e7\u00e3o que ela possui \u00e9 abalada e pode ser reproduzida na vida adulta.<\/p>\n<p><strong>As consequ\u00eancias a m\u00e9dio e longo prazo<\/strong><\/p>\n<p>Segundo Gorete Vasconcelos, psic\u00f3loga especializada em psicologia cl\u00ednica e atendimento a v\u00edtimas de viol\u00eancia dom\u00e9stica, n\u00e3o existe um padr\u00e3o uniforme no processamento de uma viol\u00eancia. \u201cCada pessoa vai ressignificar e processar as consequ\u00eancias da viol\u00eancia de forma singular. Por\u00e9m, toda e qualquer viol\u00eancia deixa marcas no psiquismo, que geralmente comprometem o desenvolvimento da crian\u00e7a e do adolescente e a sua subjetividade.\u201d<\/p>\n<p>Ansiedade, depress\u00e3o, s\u00edndrome do p\u00e2nico, comportamentos autodestrutivos ou sexualiza\u00e7\u00e3o precoce s\u00e3o alguns dos transtornos que podem surgir em adolescentes v\u00edtimas de abuso. O transtorno de estresse p\u00f3s-traum\u00e1tico (TEPT), por exemplo, que causa sofrimento intenso e afeta v\u00e1rias \u00e1reas da rotina, como relacionamentos e trabalho, \u00e9 desenvolvido por cerca de 57% dessas v\u00edtimas.<\/p>\n<p>A psic\u00f3loga acrescenta: \u201cA crian\u00e7a sente o corpo profanado, invadido, e pode apresentar diversos sintomas, tais como: ang\u00fastia de que algo se quebrou dentro do seu corpo, sentimento de culpa, perturba\u00e7\u00f5es do sono, dores abdominais, enurese (perda do controle da bexiga durante o sono), encoprese (um tipo de incontin\u00eancia fecal), dist\u00farbios alimentares, entre outros. Os pr\u00e9-p\u00faberes apresentam sequelas que dificultam sua evolu\u00e7\u00e3o psicoafetiva e sexual, afetando as identifica\u00e7\u00f5es que ela poderia construir, impedindo que a adolesc\u00eancia seja um per\u00edodo de questionamento construtivo.\u201d<\/p>\n<p>A dissocia\u00e7\u00e3o, caracterizada por um afastamento s\u00fabito da realidade e pela falta de compreens\u00e3o sobre o que \u00e9 ou n\u00e3o real, tamb\u00e9m \u00e9 comum em casos de abusos frequentes com crian\u00e7as. Essa lacuna de percep\u00e7\u00e3o pode causar problemas emocionais e de socializa\u00e7\u00e3o no futuro.<\/p>\n<p>Para evitar essa consequ\u00eancia, Gorete ressalta que \u201cfaz-se necess\u00e1rio o rompimento com o ciclo de sil\u00eancio imposto pela viol\u00eancia, o apoio de figuras de prote\u00e7\u00e3o em \u00e2mbito familiar e rede de apoio comunit\u00e1rio.\u201d Para al\u00e9m desses aspectos, a responsabiliza\u00e7\u00e3o do autor da viol\u00eancia e o acompanhamento \u00e0 fam\u00edlia, incluindo o tratamento terap\u00eautico, s\u00e3o imprescind\u00edveis, uma vez que esta viola\u00e7\u00e3o de direitos danifica o sistema familiar e social de toda a rede de prote\u00e7\u00e3o.<\/p>\n<p><strong>Como ajudar?<\/strong><\/p>\n<p>Ap\u00f3s o primeiro atendimento na rede de prote\u00e7\u00e3o e o relato da viol\u00eancia via escuta especializada, o acompanhamento psicol\u00f3gico cont\u00ednuo \u00e9 fundamental e ser\u00e1 decisivo para minimizar os impactos do epis\u00f3dio na sua sa\u00fade mental de crian\u00e7as e adolescentes.\u00a0 Para esse atendimento, a recomenda\u00e7\u00e3o \u00e9 procurar um psic\u00f3logo de confian\u00e7a ou entrar em contato com algum Centro de Refer\u00eancia Especializado da Assist\u00eancia Social \u2013 CREAS \u2013 ou com o Centro Especializado da Sa\u00fade mais pr\u00f3ximo da moradia da v\u00edtima.<\/p>\n<p><strong>Denuncie!<\/strong><\/p>\n<p>E lembre-se que a den\u00fancia \u00e9 a melhor forma de prevenir a viol\u00eancia sexual contra crian\u00e7as e adolescentes. Sob qualquer suspeita ou confirma\u00e7\u00e3o de algum caso, denuncie pelo Disque 100, pelo app Direitos Humanos ou ligue 180. A den\u00fancia \u00e9 an\u00f4nima!<\/p>\n","protected":false},"featured_media":774,"template":"","meta":{"_acf_changed":false},"tags":[],"class_list":["post-773","acoes-e-iniciativas","type-acoes-e-iniciativas","status-publish","has-post-thumbnail","hentry"],"acf":[],"yoast_head":"<!-- This site is optimized with the Yoast SEO plugin v19.14 - https:\/\/yoast.com\/wordpress\/plugins\/seo\/ -->\n<title>Sa\u00fade mental: os impactos do abuso sexual na inf\u00e2ncia e adolesc\u00eancia - Childhood Brasil<\/title>\n<meta name=\"robots\" content=\"index, follow, max-snippet:-1, max-image-preview:large, max-video-preview:-1\" \/>\n<link rel=\"canonical\" href=\"https:\/\/www.childhood.org.br\/acoes-e-iniciativas\/saude-mental-os-impactos-do-abuso-sexual-na-infancia-e-adolescencia\/\" \/>\n<meta property=\"og:locale\" content=\"pt_BR\" \/>\n<meta property=\"og:type\" content=\"article\" \/>\n<meta property=\"og:title\" content=\"Sa\u00fade mental: os impactos do abuso sexual na inf\u00e2ncia e adolesc\u00eancia - Childhood Brasil\" \/>\n<meta property=\"og:description\" content=\"Como sempre falamos, o apoio psicol\u00f3gico para crian\u00e7as e adolescentes ap\u00f3s a ocorr\u00eancia de uma viol\u00eancia sexual \u00e9 imprescind\u00edvel para evitar a revitimiza\u00e7\u00e3o e ajudar a v\u00edtima a lidar com esse trauma e amenizar as in\u00fameras consequ\u00eancias e marcas no comportamento e nas rela\u00e7\u00f5es interpessoais deixadas a longo prazo. Esse tipo de viol\u00eancia pode gerar [&hellip;]\" \/>\n<meta property=\"og:url\" content=\"https:\/\/www.childhood.org.br\/acoes-e-iniciativas\/saude-mental-os-impactos-do-abuso-sexual-na-infancia-e-adolescencia\/\" \/>\n<meta property=\"og:site_name\" content=\"Childhood Brasil\" \/>\n<meta property=\"article:modified_time\" content=\"2026-02-27T16:03:11+00:00\" \/>\n<meta property=\"og:image\" content=\"https:\/\/www.childhood.org.br\/wp-content\/uploads\/2022\/12\/childhood-blog-infanciasferidas.png\" \/>\n\t<meta property=\"og:image:width\" content=\"996\" \/>\n\t<meta property=\"og:image:height\" content=\"470\" \/>\n\t<meta property=\"og:image:type\" content=\"image\/png\" \/>\n<meta name=\"twitter:card\" content=\"summary_large_image\" \/>\n<meta name=\"twitter:label1\" content=\"Est. tempo de leitura\" \/>\n\t<meta name=\"twitter:data1\" content=\"4 minutos\" \/>\n<script type=\"application\/ld+json\" class=\"yoast-schema-graph\">{\"@context\":\"https:\/\/schema.org\",\"@graph\":[{\"@type\":\"WebPage\",\"@id\":\"https:\/\/www.childhood.org.br\/acoes-e-iniciativas\/saude-mental-os-impactos-do-abuso-sexual-na-infancia-e-adolescencia\/\",\"url\":\"https:\/\/www.childhood.org.br\/acoes-e-iniciativas\/saude-mental-os-impactos-do-abuso-sexual-na-infancia-e-adolescencia\/\",\"name\":\"Sa\u00fade mental: os impactos do abuso sexual na inf\u00e2ncia e adolesc\u00eancia - Childhood Brasil\",\"isPartOf\":{\"@id\":\"https:\/\/www.childhood.org.br\/#website\"},\"datePublished\":\"2022-07-22T16:04:40+00:00\",\"dateModified\":\"2026-02-27T16:03:11+00:00\",\"breadcrumb\":{\"@id\":\"https:\/\/www.childhood.org.br\/acoes-e-iniciativas\/saude-mental-os-impactos-do-abuso-sexual-na-infancia-e-adolescencia\/#breadcrumb\"},\"inLanguage\":\"pt-BR\",\"potentialAction\":[{\"@type\":\"ReadAction\",\"target\":[\"https:\/\/www.childhood.org.br\/acoes-e-iniciativas\/saude-mental-os-impactos-do-abuso-sexual-na-infancia-e-adolescencia\/\"]}]},{\"@type\":\"BreadcrumbList\",\"@id\":\"https:\/\/www.childhood.org.br\/acoes-e-iniciativas\/saude-mental-os-impactos-do-abuso-sexual-na-infancia-e-adolescencia\/#breadcrumb\",\"itemListElement\":[{\"@type\":\"ListItem\",\"position\":1,\"name\":\"Home\",\"item\":\"https:\/\/www.childhood.org.br\/\"},{\"@type\":\"ListItem\",\"position\":2,\"name\":\"Iniciativas Childhood\",\"item\":\"https:\/\/www.childhood.org.br\/acoes-e-iniciativas\/\"},{\"@type\":\"ListItem\",\"position\":3,\"name\":\"Sa\u00fade mental: os impactos do abuso sexual na inf\u00e2ncia e adolesc\u00eancia\"}]},{\"@type\":\"WebSite\",\"@id\":\"https:\/\/www.childhood.org.br\/#website\",\"url\":\"https:\/\/www.childhood.org.br\/\",\"name\":\"Childhood Brasil\",\"description\":\"Pioneiros na luta contra o abuso e a explora\u00e7\u00e3o sexual DE crian\u00e7as e adolescentes\",\"potentialAction\":[{\"@type\":\"SearchAction\",\"target\":{\"@type\":\"EntryPoint\",\"urlTemplate\":\"https:\/\/www.childhood.org.br\/?s={search_term_string}\"},\"query-input\":\"required name=search_term_string\"}],\"inLanguage\":\"pt-BR\"}]}<\/script>\n<!-- \/ Yoast SEO plugin. -->","yoast_head_json":{"title":"Sa\u00fade mental: os impactos do abuso sexual na inf\u00e2ncia e adolesc\u00eancia - Childhood Brasil","robots":{"index":"index","follow":"follow","max-snippet":"max-snippet:-1","max-image-preview":"max-image-preview:large","max-video-preview":"max-video-preview:-1"},"canonical":"https:\/\/www.childhood.org.br\/acoes-e-iniciativas\/saude-mental-os-impactos-do-abuso-sexual-na-infancia-e-adolescencia\/","og_locale":"pt_BR","og_type":"article","og_title":"Sa\u00fade mental: os impactos do abuso sexual na inf\u00e2ncia e adolesc\u00eancia - Childhood Brasil","og_description":"Como sempre falamos, o apoio psicol\u00f3gico para crian\u00e7as e adolescentes ap\u00f3s a ocorr\u00eancia de uma viol\u00eancia sexual \u00e9 imprescind\u00edvel para evitar a revitimiza\u00e7\u00e3o e ajudar a v\u00edtima a lidar com esse trauma e amenizar as in\u00fameras consequ\u00eancias e marcas no comportamento e nas rela\u00e7\u00f5es interpessoais deixadas a longo prazo. Esse tipo de viol\u00eancia pode gerar [&hellip;]","og_url":"https:\/\/www.childhood.org.br\/acoes-e-iniciativas\/saude-mental-os-impactos-do-abuso-sexual-na-infancia-e-adolescencia\/","og_site_name":"Childhood Brasil","article_modified_time":"2026-02-27T16:03:11+00:00","og_image":[{"width":996,"height":470,"url":"https:\/\/www.childhood.org.br\/wp-content\/uploads\/2022\/12\/childhood-blog-infanciasferidas.png","type":"image\/png"}],"twitter_card":"summary_large_image","twitter_misc":{"Est. tempo de leitura":"4 minutos"},"schema":{"@context":"https:\/\/schema.org","@graph":[{"@type":"WebPage","@id":"https:\/\/www.childhood.org.br\/acoes-e-iniciativas\/saude-mental-os-impactos-do-abuso-sexual-na-infancia-e-adolescencia\/","url":"https:\/\/www.childhood.org.br\/acoes-e-iniciativas\/saude-mental-os-impactos-do-abuso-sexual-na-infancia-e-adolescencia\/","name":"Sa\u00fade mental: os impactos do abuso sexual na inf\u00e2ncia e adolesc\u00eancia - Childhood Brasil","isPartOf":{"@id":"https:\/\/www.childhood.org.br\/#website"},"datePublished":"2022-07-22T16:04:40+00:00","dateModified":"2026-02-27T16:03:11+00:00","breadcrumb":{"@id":"https:\/\/www.childhood.org.br\/acoes-e-iniciativas\/saude-mental-os-impactos-do-abuso-sexual-na-infancia-e-adolescencia\/#breadcrumb"},"inLanguage":"pt-BR","potentialAction":[{"@type":"ReadAction","target":["https:\/\/www.childhood.org.br\/acoes-e-iniciativas\/saude-mental-os-impactos-do-abuso-sexual-na-infancia-e-adolescencia\/"]}]},{"@type":"BreadcrumbList","@id":"https:\/\/www.childhood.org.br\/acoes-e-iniciativas\/saude-mental-os-impactos-do-abuso-sexual-na-infancia-e-adolescencia\/#breadcrumb","itemListElement":[{"@type":"ListItem","position":1,"name":"Home","item":"https:\/\/www.childhood.org.br\/"},{"@type":"ListItem","position":2,"name":"Iniciativas Childhood","item":"https:\/\/www.childhood.org.br\/acoes-e-iniciativas\/"},{"@type":"ListItem","position":3,"name":"Sa\u00fade mental: os impactos do abuso sexual na inf\u00e2ncia e adolesc\u00eancia"}]},{"@type":"WebSite","@id":"https:\/\/www.childhood.org.br\/#website","url":"https:\/\/www.childhood.org.br\/","name":"Childhood Brasil","description":"Pioneiros na luta contra o abuso e a explora\u00e7\u00e3o sexual DE crian\u00e7as e adolescentes","potentialAction":[{"@type":"SearchAction","target":{"@type":"EntryPoint","urlTemplate":"https:\/\/www.childhood.org.br\/?s={search_term_string}"},"query-input":"required name=search_term_string"}],"inLanguage":"pt-BR"}]}},"_links":{"self":[{"href":"https:\/\/www.childhood.org.br\/api\/wp\/v2\/acoes-e-iniciativas\/773","targetHints":{"allow":["GET"]}}],"collection":[{"href":"https:\/\/www.childhood.org.br\/api\/wp\/v2\/acoes-e-iniciativas"}],"about":[{"href":"https:\/\/www.childhood.org.br\/api\/wp\/v2\/types\/acoes-e-iniciativas"}],"wp:featuredmedia":[{"embeddable":true,"href":"https:\/\/www.childhood.org.br\/api\/wp\/v2\/media\/774"}],"wp:attachment":[{"href":"https:\/\/www.childhood.org.br\/api\/wp\/v2\/media?parent=773"}],"wp:term":[{"taxonomy":"post_tag","embeddable":true,"href":"https:\/\/www.childhood.org.br\/api\/wp\/v2\/tags?post=773"}],"curies":[{"name":"wp","href":"https:\/\/api.w.org\/{rel}","templated":true}]}}

Saúde mental: os impactos do abuso sexual na infância e adolescência

<p>Como sempre falamos, o apoio psicológico para crianças e adolescentes após a ocorrência de uma violência sexual é imprescindível para evitar a revitimização e ajudar a vítima a lidar com esse trauma e amenizar as inúmeras consequências e marcas no comportamento e nas relações interpessoais deixadas a longo prazo.</p>
<p>Esse tipo de violência pode gerar diversas questões para a criança ou adolescente que o sofreu. Isso porque, quando a violência é praticada por algum parente ou conhecido da vítima – a forma mais comum desse tipo de violência –  a visão de segurança, confiança e proteção que ela possui é abalada e pode ser reproduzida na vida adulta.</p>
<p><strong>As consequências a médio e longo prazo</strong></p>
<p>Segundo Gorete Vasconcelos, psicóloga especializada em psicologia clínica e atendimento a vítimas de violência doméstica, não existe um padrão uniforme no processamento de uma violência. “Cada pessoa vai ressignificar e processar as consequências da violência de forma singular. Porém, toda e qualquer violência deixa marcas no psiquismo, que geralmente comprometem o desenvolvimento da criança e do adolescente e a sua subjetividade.”</p>
<p>Ansiedade, depressão, síndrome do pânico, comportamentos autodestrutivos ou sexualização precoce são alguns dos transtornos que podem surgir em adolescentes vítimas de abuso. O transtorno de estresse pós-traumático (TEPT), por exemplo, que causa sofrimento intenso e afeta várias áreas da rotina, como relacionamentos e trabalho, é desenvolvido por cerca de 57% dessas vítimas.</p>
<p>A psicóloga acrescenta: “A criança sente o corpo profanado, invadido, e pode apresentar diversos sintomas, tais como: angústia de que algo se quebrou dentro do seu corpo, sentimento de culpa, perturbações do sono, dores abdominais, enurese (perda do controle da bexiga durante o sono), encoprese (um tipo de incontinência fecal), distúrbios alimentares, entre outros. Os pré-púberes apresentam sequelas que dificultam sua evolução psicoafetiva e sexual, afetando as identificações que ela poderia construir, impedindo que a adolescência seja um período de questionamento construtivo.”</p>
<p>A dissociação, caracterizada por um afastamento súbito da realidade e pela falta de compreensão sobre o que é ou não real, também é comum em casos de abusos frequentes com crianças. Essa lacuna de percepção pode causar problemas emocionais e de socialização no futuro.</p>
<p>Para evitar essa consequência, Gorete ressalta que “faz-se necessário o rompimento com o ciclo de silêncio imposto pela violência, o apoio de figuras de proteção em âmbito familiar e rede de apoio comunitário.” Para além desses aspectos, a responsabilização do autor da violência e o acompanhamento à família, incluindo o tratamento terapêutico, são imprescindíveis, uma vez que esta violação de direitos danifica o sistema familiar e social de toda a rede de proteção.</p>
<p><strong>Como ajudar?</strong></p>
<p>Após o primeiro atendimento na rede de proteção e o relato da violência via escuta especializada, o acompanhamento psicológico contínuo é fundamental e será decisivo para minimizar os impactos do episódio na sua saúde mental de crianças e adolescentes.  Para esse atendimento, a recomendação é procurar um psicólogo de confiança ou entrar em contato com algum Centro de Referência Especializado da Assistência Social – CREAS – ou com o Centro Especializado da Saúde mais próximo da moradia da vítima.</p>
<p><strong>Denuncie!</strong></p>
<p>E lembre-se que a denúncia é a melhor forma de prevenir a violência sexual contra crianças e adolescentes. Sob qualquer suspeita ou confirmação de algum caso, denuncie pelo Disque 100, pelo app Direitos Humanos ou ligue 180. A denúncia é anônima!</p>

<!-- This site is optimized with the Yoast SEO plugin v19.14 - https://yoast.com/wordpress/plugins/seo/ -->
<title>Saúde mental: os impactos do abuso sexual na infância e adolescência - Childhood Brasil</title>
<meta name="robots" content="index, follow, max-snippet:-1, max-image-preview:large, max-video-preview:-1" />
<link rel="canonical" href="https://www.childhood.org.br/acoes-e-iniciativas/saude-mental-os-impactos-do-abuso-sexual-na-infancia-e-adolescencia/" />
<meta property="og:locale" content="pt_BR" />
<meta property="og:type" content="article" />
<meta property="og:title" content="Saúde mental: os impactos do abuso sexual na infância e adolescência - Childhood Brasil" />
<meta property="og:description" content="Como sempre falamos, o apoio psicológico para crianças e adolescentes após a ocorrência de uma violência sexual é imprescindível para evitar a revitimização e ajudar a vítima a lidar com esse trauma e amenizar as inúmeras consequências e marcas no comportamento e nas relações interpessoais deixadas a longo prazo. Esse tipo de violência pode gerar [&hellip;]" />
<meta property="og:url" content="https://www.childhood.org.br/acoes-e-iniciativas/saude-mental-os-impactos-do-abuso-sexual-na-infancia-e-adolescencia/" />
<meta property="og:site_name" content="Childhood Brasil" />
<meta property="article:modified_time" content="2026-02-27T16:03:11+00:00" />
<meta property="og:image" content="https://www.childhood.org.br/wp-content/uploads/2022/12/childhood-blog-infanciasferidas.png" />
	<meta property="og:image:width" content="996" />
	<meta property="og:image:height" content="470" />
	<meta property="og:image:type" content="image/png" />
<meta name="twitter:card" content="summary_large_image" />
<meta name="twitter:label1" content="Est. tempo de leitura" />
	<meta name="twitter:data1" content="4 minutos" />
<script type="application/ld+json" class="yoast-schema-graph">{"@context":"https://schema.org","@graph":[{"@type":"WebPage","@id":"https://www.childhood.org.br/acoes-e-iniciativas/saude-mental-os-impactos-do-abuso-sexual-na-infancia-e-adolescencia/","url":"https://www.childhood.org.br/acoes-e-iniciativas/saude-mental-os-impactos-do-abuso-sexual-na-infancia-e-adolescencia/","name":"Saúde mental: os impactos do abuso sexual na infância e adolescência - Childhood Brasil","isPartOf":{"@id":"https://www.childhood.org.br/#website"},"datePublished":"2022-07-22T16:04:40+00:00","dateModified":"2026-02-27T16:03:11+00:00","breadcrumb":{"@id":"https://www.childhood.org.br/acoes-e-iniciativas/saude-mental-os-impactos-do-abuso-sexual-na-infancia-e-adolescencia/#breadcrumb"},"inLanguage":"pt-BR","potentialAction":[{"@type":"ReadAction","target":["https://www.childhood.org.br/acoes-e-iniciativas/saude-mental-os-impactos-do-abuso-sexual-na-infancia-e-adolescencia/"]}]},{"@type":"BreadcrumbList","@id":"https://www.childhood.org.br/acoes-e-iniciativas/saude-mental-os-impactos-do-abuso-sexual-na-infancia-e-adolescencia/#breadcrumb","itemListElement":[{"@type":"ListItem","position":1,"name":"Home","item":"https://www.childhood.org.br/"},{"@type":"ListItem","position":2,"name":"Iniciativas Childhood","item":"https://www.childhood.org.br/acoes-e-iniciativas/"},{"@type":"ListItem","position":3,"name":"Saúde mental: os impactos do abuso sexual na infância e adolescência"}]},{"@type":"WebSite","@id":"https://www.childhood.org.br/#website","url":"https://www.childhood.org.br/","name":"Childhood Brasil","description":"Pioneiros na luta contra o abuso e a exploração sexual DE crianças e adolescentes","potentialAction":[{"@type":"SearchAction","target":{"@type":"EntryPoint","urlTemplate":"https://www.childhood.org.br/?s={search_term_string}"},"query-input":"required name=search_term_string"}],"inLanguage":"pt-BR"}]}</script>
<!-- / Yoast SEO plugin. -->

Saúde mental: os impactos do abuso sexual na infância e adolescência - Childhood Brasil

Como sempre falamos, o apoio psicológico para crianças e adolescentes após a ocorrência de uma violência sexual é imprescindível para evitar a revitimização e ajudar a vítima a lidar com esse trauma e amenizar as inúmeras consequências e marcas no comportamento e nas relações interpessoais deixadas a longo prazo. Esse tipo de violência pode gerar [&hellip;]

Pioneiros na luta contra o abuso e a exploração sexual DE crianças e adolescentes
