{"id":2450,"date":"2011-09-16T18:41:11","date_gmt":"2011-09-16T21:41:11","guid":{"rendered":"https:\/\/childhoodbrasil.c7net.com.br\/?p=2450"},"modified":"2026-01-26T11:08:44","modified_gmt":"2026-01-26T14:08:44","slug":"o-dia-nacional-do-caminhoneiro-e-para-ser-lembrado","status":"publish","type":"acoes-e-iniciativas","link":"https:\/\/www.childhood.org.br\/acoes-e-iniciativas\/o-dia-nacional-do-caminhoneiro-e-para-ser-lembrado\/","title":{"rendered":"O dia nacional do caminhoneiro \u00e9 para ser lembrado!"},"content":{"rendered":"<div id=\"attachment_4093\" style=\"width: 235px\" class=\"wp-caption alignleft\"><p id=\"caption-attachment-4093\" class=\"wp-caption-text\">Fonte da Imagem: http:\/\/www.sxc.hu\/photo\/1359910<\/p><\/div>\n<p><strong>O caminhoneiro tem um dia nacional desde 2009. Dia 16 de setembro<\/strong>\u00a0\u00e9 o dia de homenagear os profissionais que passam boa parte da vida na estrada. Para n\u00f3s, o motorista de caminh\u00e3o \u00e9 uma figura extremamente importante. Tanto para a economia do pa\u00eds, como para prote\u00e7\u00e3o de crian\u00e7as e adolescentes que est\u00e3o em situa\u00e7\u00e3o de vulnerabilidade.<\/p>\n<p>Mas, para agirem como agentes de prote\u00e7\u00e3o nas estradas \u00e9 fundamental que os seus direitos e qualidade de vida no trabalho tamb\u00e9m sejam respeitados.<\/p>\n<p>\u00c9 por isso que o\u00a0<strong>Programa Na M\u00e3o Certa<\/strong>\u00a0acredita e defende junto as empresas que esse profissional precisa ter melhores condi\u00e7\u00f5es de trabalho. Na nossa segunda pesquisa sobre \u201cO Perfil do Caminhoneiro Brasileiro\u201d realizada em 2010, percebemos que os caminhoneiros est\u00e3o cada vez mais conscientes em rela\u00e7\u00e3o \u00e0 explora\u00e7\u00e3o sexual. Nas entrevistas 37% disseram saber que essa pr\u00e1tica \u00e9 errada, contra 20,8% que fizeram a mesma afirma\u00e7\u00e3o em 2005. Essa evolu\u00e7\u00e3o mostra que, apesar de o caminho para enfrentar a explora\u00e7\u00e3o sexual de crian\u00e7as e adolescentes ser longo, estamos \u201cna m\u00e3o certa\u201d!<\/p>\n<p><strong>Parab\u00e9ns pelo dia 16 de setembro!<\/strong>\u00a0Nesse dia, celebraremos o trabalho que tanto move a economia como caminha para reduzir as viola\u00e7\u00f5es de direitos humanos da inf\u00e2ncia e adolesc\u00eancia.<\/p>\n<p><strong>Juntos, vamos acabar com a explora\u00e7\u00e3o sexual de crian\u00e7as e adolescentes nas estradas!<\/strong><\/p>\n<p>Para falar com o\u00a0<strong>Programa Na M\u00e3o Certa<\/strong>, envie um e-mail para\u00a0agente@namaocerta.org.br\u00a0ou escreva para a Caixa Postal 11.263 \u2013 CEP 05422-970 \u2013 S\u00e3o Paulo \u2013 SP. Saiba mais em\u00a0<a href=\"http:\/\/www.namaocerta.org.br\/\">www.namaocerta.org.br<\/a>.<\/p>\n<p>Fonte da mat\u00e9ria: Revista do Caminhoneiro setembro\/2011<\/p>\n","protected":false},"featured_media":0,"template":"","meta":{"_acf_changed":false},"tags":[],"class_list":["post-2450","acoes-e-iniciativas","type-acoes-e-iniciativas","status-publish","hentry"],"acf":[],"yoast_head":"<!-- This site is optimized with the Yoast SEO plugin v19.14 - https:\/\/yoast.com\/wordpress\/plugins\/seo\/ -->\n<title>O dia nacional do caminhoneiro \u00e9 para ser lembrado! - Childhood Brasil<\/title>\n<meta name=\"robots\" content=\"index, follow, max-snippet:-1, max-image-preview:large, max-video-preview:-1\" \/>\n<link rel=\"canonical\" href=\"https:\/\/www.childhood.org.br\/acoes-e-iniciativas\/o-dia-nacional-do-caminhoneiro-e-para-ser-lembrado\/\" \/>\n<meta property=\"og:locale\" content=\"pt_BR\" \/>\n<meta property=\"og:type\" content=\"article\" \/>\n<meta property=\"og:title\" content=\"O dia nacional do caminhoneiro \u00e9 para ser lembrado! - Childhood Brasil\" \/>\n<meta property=\"og:description\" content=\"O caminhoneiro tem um dia nacional desde 2009. Dia 16 de setembro\u00a0\u00e9 o dia de homenagear os profissionais que passam boa parte da vida na estrada. Para n\u00f3s, o motorista de caminh\u00e3o \u00e9 uma figura extremamente importante. Tanto para a economia do pa\u00eds, como para prote\u00e7\u00e3o de crian\u00e7as e adolescentes que est\u00e3o em situa\u00e7\u00e3o de [&hellip;]\" \/>\n<meta property=\"og:url\" content=\"https:\/\/www.childhood.org.br\/acoes-e-iniciativas\/o-dia-nacional-do-caminhoneiro-e-para-ser-lembrado\/\" \/>\n<meta property=\"og:site_name\" content=\"Childhood Brasil\" \/>\n<meta property=\"article:modified_time\" content=\"2026-01-26T14:08:44+00:00\" \/>\n<meta name=\"twitter:card\" content=\"summary_large_image\" \/>\n<meta name=\"twitter:label1\" content=\"Est. tempo de leitura\" \/>\n\t<meta name=\"twitter:data1\" content=\"2 minutos\" \/>\n<script type=\"application\/ld+json\" class=\"yoast-schema-graph\">{\"@context\":\"https:\/\/schema.org\",\"@graph\":[{\"@type\":\"WebPage\",\"@id\":\"https:\/\/www.childhood.org.br\/acoes-e-iniciativas\/o-dia-nacional-do-caminhoneiro-e-para-ser-lembrado\/\",\"url\":\"https:\/\/www.childhood.org.br\/acoes-e-iniciativas\/o-dia-nacional-do-caminhoneiro-e-para-ser-lembrado\/\",\"name\":\"O dia nacional do caminhoneiro \u00e9 para ser lembrado! - Childhood Brasil\",\"isPartOf\":{\"@id\":\"https:\/\/www.childhood.org.br\/#website\"},\"datePublished\":\"2011-09-16T21:41:11+00:00\",\"dateModified\":\"2026-01-26T14:08:44+00:00\",\"breadcrumb\":{\"@id\":\"https:\/\/www.childhood.org.br\/acoes-e-iniciativas\/o-dia-nacional-do-caminhoneiro-e-para-ser-lembrado\/#breadcrumb\"},\"inLanguage\":\"pt-BR\",\"potentialAction\":[{\"@type\":\"ReadAction\",\"target\":[\"https:\/\/www.childhood.org.br\/acoes-e-iniciativas\/o-dia-nacional-do-caminhoneiro-e-para-ser-lembrado\/\"]}]},{\"@type\":\"BreadcrumbList\",\"@id\":\"https:\/\/www.childhood.org.br\/acoes-e-iniciativas\/o-dia-nacional-do-caminhoneiro-e-para-ser-lembrado\/#breadcrumb\",\"itemListElement\":[{\"@type\":\"ListItem\",\"position\":1,\"name\":\"Home\",\"item\":\"https:\/\/www.childhood.org.br\/\"},{\"@type\":\"ListItem\",\"position\":2,\"name\":\"Iniciativas Childhood\",\"item\":\"https:\/\/www.childhood.org.br\/acoes-e-iniciativas\/\"},{\"@type\":\"ListItem\",\"position\":3,\"name\":\"O dia nacional do caminhoneiro \u00e9 para ser lembrado!\"}]},{\"@type\":\"WebSite\",\"@id\":\"https:\/\/www.childhood.org.br\/#website\",\"url\":\"https:\/\/www.childhood.org.br\/\",\"name\":\"Childhood Brasil\",\"description\":\"Pioneiros na luta contra o abuso e a explora\u00e7\u00e3o sexual DE crian\u00e7as e adolescentes\",\"potentialAction\":[{\"@type\":\"SearchAction\",\"target\":{\"@type\":\"EntryPoint\",\"urlTemplate\":\"https:\/\/www.childhood.org.br\/?s={search_term_string}\"},\"query-input\":\"required name=search_term_string\"}],\"inLanguage\":\"pt-BR\"}]}<\/script>\n<!-- \/ Yoast SEO plugin. -->","yoast_head_json":{"title":"O dia nacional do caminhoneiro \u00e9 para ser lembrado! - Childhood Brasil","robots":{"index":"index","follow":"follow","max-snippet":"max-snippet:-1","max-image-preview":"max-image-preview:large","max-video-preview":"max-video-preview:-1"},"canonical":"https:\/\/www.childhood.org.br\/acoes-e-iniciativas\/o-dia-nacional-do-caminhoneiro-e-para-ser-lembrado\/","og_locale":"pt_BR","og_type":"article","og_title":"O dia nacional do caminhoneiro \u00e9 para ser lembrado! - Childhood Brasil","og_description":"O caminhoneiro tem um dia nacional desde 2009. Dia 16 de setembro\u00a0\u00e9 o dia de homenagear os profissionais que passam boa parte da vida na estrada. Para n\u00f3s, o motorista de caminh\u00e3o \u00e9 uma figura extremamente importante. Tanto para a economia do pa\u00eds, como para prote\u00e7\u00e3o de crian\u00e7as e adolescentes que est\u00e3o em situa\u00e7\u00e3o de [&hellip;]","og_url":"https:\/\/www.childhood.org.br\/acoes-e-iniciativas\/o-dia-nacional-do-caminhoneiro-e-para-ser-lembrado\/","og_site_name":"Childhood Brasil","article_modified_time":"2026-01-26T14:08:44+00:00","twitter_card":"summary_large_image","twitter_misc":{"Est. tempo de leitura":"2 minutos"},"schema":{"@context":"https:\/\/schema.org","@graph":[{"@type":"WebPage","@id":"https:\/\/www.childhood.org.br\/acoes-e-iniciativas\/o-dia-nacional-do-caminhoneiro-e-para-ser-lembrado\/","url":"https:\/\/www.childhood.org.br\/acoes-e-iniciativas\/o-dia-nacional-do-caminhoneiro-e-para-ser-lembrado\/","name":"O dia nacional do caminhoneiro \u00e9 para ser lembrado! - Childhood Brasil","isPartOf":{"@id":"https:\/\/www.childhood.org.br\/#website"},"datePublished":"2011-09-16T21:41:11+00:00","dateModified":"2026-01-26T14:08:44+00:00","breadcrumb":{"@id":"https:\/\/www.childhood.org.br\/acoes-e-iniciativas\/o-dia-nacional-do-caminhoneiro-e-para-ser-lembrado\/#breadcrumb"},"inLanguage":"pt-BR","potentialAction":[{"@type":"ReadAction","target":["https:\/\/www.childhood.org.br\/acoes-e-iniciativas\/o-dia-nacional-do-caminhoneiro-e-para-ser-lembrado\/"]}]},{"@type":"BreadcrumbList","@id":"https:\/\/www.childhood.org.br\/acoes-e-iniciativas\/o-dia-nacional-do-caminhoneiro-e-para-ser-lembrado\/#breadcrumb","itemListElement":[{"@type":"ListItem","position":1,"name":"Home","item":"https:\/\/www.childhood.org.br\/"},{"@type":"ListItem","position":2,"name":"Iniciativas Childhood","item":"https:\/\/www.childhood.org.br\/acoes-e-iniciativas\/"},{"@type":"ListItem","position":3,"name":"O dia nacional do caminhoneiro \u00e9 para ser lembrado!"}]},{"@type":"WebSite","@id":"https:\/\/www.childhood.org.br\/#website","url":"https:\/\/www.childhood.org.br\/","name":"Childhood Brasil","description":"Pioneiros na luta contra o abuso e a explora\u00e7\u00e3o sexual DE crian\u00e7as e adolescentes","potentialAction":[{"@type":"SearchAction","target":{"@type":"EntryPoint","urlTemplate":"https:\/\/www.childhood.org.br\/?s={search_term_string}"},"query-input":"required name=search_term_string"}],"inLanguage":"pt-BR"}]}},"_links":{"self":[{"href":"https:\/\/www.childhood.org.br\/api\/wp\/v2\/acoes-e-iniciativas\/2450","targetHints":{"allow":["GET"]}}],"collection":[{"href":"https:\/\/www.childhood.org.br\/api\/wp\/v2\/acoes-e-iniciativas"}],"about":[{"href":"https:\/\/www.childhood.org.br\/api\/wp\/v2\/types\/acoes-e-iniciativas"}],"wp:attachment":[{"href":"https:\/\/www.childhood.org.br\/api\/wp\/v2\/media?parent=2450"}],"wp:term":[{"taxonomy":"post_tag","embeddable":true,"href":"https:\/\/www.childhood.org.br\/api\/wp\/v2\/tags?post=2450"}],"curies":[{"name":"wp","href":"https:\/\/api.w.org\/{rel}","templated":true}]}}

O dia nacional do caminhoneiro é para ser lembrado!

<div id="attachment_4093" style="width: 235px" class="wp-caption alignleft"><p id="caption-attachment-4093" class="wp-caption-text">Fonte da Imagem: http://www.sxc.hu/photo/1359910</p></div>
<p><strong>O caminhoneiro tem um dia nacional desde 2009. Dia 16 de setembro</strong> é o dia de homenagear os profissionais que passam boa parte da vida na estrada. Para nós, o motorista de caminhão é uma figura extremamente importante. Tanto para a economia do país, como para proteção de crianças e adolescentes que estão em situação de vulnerabilidade.</p>
<p>Mas, para agirem como agentes de proteção nas estradas é fundamental que os seus direitos e qualidade de vida no trabalho também sejam respeitados.</p>
<p>É por isso que o <strong>Programa Na Mão Certa</strong> acredita e defende junto as empresas que esse profissional precisa ter melhores condições de trabalho. Na nossa segunda pesquisa sobre “O Perfil do Caminhoneiro Brasileiro” realizada em 2010, percebemos que os caminhoneiros estão cada vez mais conscientes em relação à exploração sexual. Nas entrevistas 37% disseram saber que essa prática é errada, contra 20,8% que fizeram a mesma afirmação em 2005. Essa evolução mostra que, apesar de o caminho para enfrentar a exploração sexual de crianças e adolescentes ser longo, estamos “na mão certa”!</p>
<p><strong>Parabéns pelo dia 16 de setembro!</strong> Nesse dia, celebraremos o trabalho que tanto move a economia como caminha para reduzir as violações de direitos humanos da infância e adolescência.</p>
<p><strong>Juntos, vamos acabar com a exploração sexual de crianças e adolescentes nas estradas!</strong></p>
<p>Para falar com o <strong>Programa Na Mão Certa</strong>, envie um e-mail para agente@namaocerta.org.br ou escreva para a Caixa Postal 11.263 – CEP 05422-970 – São Paulo – SP. Saiba mais em <a href="http://www.namaocerta.org.br/">www.namaocerta.org.br</a>.</p>
<p>Fonte da matéria: Revista do Caminhoneiro setembro/2011</p>

<!-- This site is optimized with the Yoast SEO plugin v19.14 - https://yoast.com/wordpress/plugins/seo/ -->
<title>O dia nacional do caminhoneiro é para ser lembrado! - Childhood Brasil</title>
<meta name="robots" content="index, follow, max-snippet:-1, max-image-preview:large, max-video-preview:-1" />
<link rel="canonical" href="https://www.childhood.org.br/acoes-e-iniciativas/o-dia-nacional-do-caminhoneiro-e-para-ser-lembrado/" />
<meta property="og:locale" content="pt_BR" />
<meta property="og:type" content="article" />
<meta property="og:title" content="O dia nacional do caminhoneiro é para ser lembrado! - Childhood Brasil" />
<meta property="og:description" content="O caminhoneiro tem um dia nacional desde 2009. Dia 16 de setembro é o dia de homenagear os profissionais que passam boa parte da vida na estrada. Para nós, o motorista de caminhão é uma figura extremamente importante. Tanto para a economia do país, como para proteção de crianças e adolescentes que estão em situação de [&hellip;]" />
<meta property="og:url" content="https://www.childhood.org.br/acoes-e-iniciativas/o-dia-nacional-do-caminhoneiro-e-para-ser-lembrado/" />
<meta property="og:site_name" content="Childhood Brasil" />
<meta property="article:modified_time" content="2026-01-26T14:08:44+00:00" />
<meta name="twitter:card" content="summary_large_image" />
<meta name="twitter:label1" content="Est. tempo de leitura" />
	<meta name="twitter:data1" content="2 minutos" />
<script type="application/ld+json" class="yoast-schema-graph">{"@context":"https://schema.org","@graph":[{"@type":"WebPage","@id":"https://www.childhood.org.br/acoes-e-iniciativas/o-dia-nacional-do-caminhoneiro-e-para-ser-lembrado/","url":"https://www.childhood.org.br/acoes-e-iniciativas/o-dia-nacional-do-caminhoneiro-e-para-ser-lembrado/","name":"O dia nacional do caminhoneiro é para ser lembrado! - Childhood Brasil","isPartOf":{"@id":"https://www.childhood.org.br/#website"},"datePublished":"2011-09-16T21:41:11+00:00","dateModified":"2026-01-26T14:08:44+00:00","breadcrumb":{"@id":"https://www.childhood.org.br/acoes-e-iniciativas/o-dia-nacional-do-caminhoneiro-e-para-ser-lembrado/#breadcrumb"},"inLanguage":"pt-BR","potentialAction":[{"@type":"ReadAction","target":["https://www.childhood.org.br/acoes-e-iniciativas/o-dia-nacional-do-caminhoneiro-e-para-ser-lembrado/"]}]},{"@type":"BreadcrumbList","@id":"https://www.childhood.org.br/acoes-e-iniciativas/o-dia-nacional-do-caminhoneiro-e-para-ser-lembrado/#breadcrumb","itemListElement":[{"@type":"ListItem","position":1,"name":"Home","item":"https://www.childhood.org.br/"},{"@type":"ListItem","position":2,"name":"Iniciativas Childhood","item":"https://www.childhood.org.br/acoes-e-iniciativas/"},{"@type":"ListItem","position":3,"name":"O dia nacional do caminhoneiro é para ser lembrado!"}]},{"@type":"WebSite","@id":"https://www.childhood.org.br/#website","url":"https://www.childhood.org.br/","name":"Childhood Brasil","description":"Pioneiros na luta contra o abuso e a exploração sexual DE crianças e adolescentes","potentialAction":[{"@type":"SearchAction","target":{"@type":"EntryPoint","urlTemplate":"https://www.childhood.org.br/?s={search_term_string}"},"query-input":"required name=search_term_string"}],"inLanguage":"pt-BR"}]}</script>
<!-- / Yoast SEO plugin. -->

O dia nacional do caminhoneiro é para ser lembrado! - Childhood Brasil

O caminhoneiro tem um dia nacional desde 2009. Dia 16 de setembro é o dia de homenagear os profissionais que passam boa parte da vida na estrada. Para nós, o motorista de caminhão é uma figura extremamente importante. Tanto para a economia do país, como para proteção de crianças e adolescentes que estão em situação de [&hellip;]

Pioneiros na luta contra o abuso e a exploração sexual DE crianças e adolescentes
