{"id":2224,"date":"2012-05-16T16:52:16","date_gmt":"2012-05-16T19:52:16","guid":{"rendered":"https:\/\/childhoodbrasil.c7net.com.br\/?p=2224"},"modified":"2026-01-26T11:08:27","modified_gmt":"2026-01-26T14:08:27","slug":"campanha-faca-bonito-mobiliza-pela-protecao-da-infancia","status":"publish","type":"acoes-e-iniciativas","link":"https:\/\/www.childhood.org.br\/acoes-e-iniciativas\/campanha-faca-bonito-mobiliza-pela-protecao-da-infancia\/","title":{"rendered":"Campanha Fa\u00e7a Bonito mobiliza pela prote\u00e7\u00e3o da inf\u00e2ncia"},"content":{"rendered":"<div class=\"texto-noticia\">Para chamar a aten\u00e7\u00e3o da sociedade para o 18 de Maio, pr\u00f3xima sexta-feira e Dia Nacional de Combate ao Abuso e \u00e0 Explora\u00e7\u00e3o Sexual de crian\u00e7as e adolescentes, o\u00a0<a href=\"http:\/\/www.comitenacional.org.br\/\">Comit\u00ea Nacional de Enfrentamento \u00e0 Viol\u00eancia Sexual contra Crian\u00e7as e Adolescentes<\/a>\u00a0, lan\u00e7ou a campanha\u00a0<a href=\"http:\/\/www.facabonito.com.br\/\">\u201cFa\u00e7a Bonito. Proteja nossas Crian\u00e7as e Adolescentes\u201d<\/a>\u00a0, em parceria com a Comiss\u00e3o Intersetorial de Enfrentamento e apoio da Secretaria de Direitos Humanos da Presid\u00eancia da Rep\u00fablica. O s\u00edmbolo usado h\u00e1 quatro anos \u00e9 a flor, associado \u00e0 fragilidade da crian\u00e7a e aos desenhos da primeira inf\u00e2ncia, para sensibilizar a sociedade.<\/p>\n<p>Desde que o Dia 18 de maio foi criado, h\u00e1 12 anos, muitos avan\u00e7os t\u00eam ocorrido, segundo Itamar Batista Gon\u00e7alves, gerente de programas da\u00a0<strong>Childhood Brasil<\/strong>\u00a0e representante do Comit\u00ea desde o ano passado. \u201cO tema est\u00e1 mais presente nos estados, mobilizando grande parte dos munic\u00edpios e \u00e9 cada vez maior o engajamento do setor privado nas campanhas\u201d, diz Itamar.\u00a0 \u201cA rede Atl\u00e2ntica Hotels International, parceira da\u00a0<strong>Childhood Brasil<\/strong>, por exemplo, promove diversas a\u00e7\u00f5es de sensibiliza\u00e7\u00e3o de seus profissionais, colaboradores e clientes, e as empresas do Programa Na M\u00e3o Certa tamb\u00e9m divulgam a data entre os profissionais e estimulam novas a\u00e7\u00f5es para a prote\u00e7\u00e3o da inf\u00e2ncia nas estradas\u201d.<\/p>\n<p>O desafio do Comit\u00ea de Enfrentamento para os pr\u00f3ximos anos, segundo Itamar, \u00e9 pensar em estrat\u00e9gias para prevenir a viol\u00eancia sexual contra crian\u00e7as e adolescentes com a chegada dos grandes eventos esportivos internacionais e com o crescimento das grandes obras da constru\u00e7\u00e3o civil e de infraestrutura no Pa\u00eds.<\/p>\n<p><strong>Hist\u00f3ria do Comit\u00ea<\/strong><\/p>\n<p>Em junho de 2000, foi criado o Comit\u00ea Nacional de Enfrentamento \u00e0 Viol\u00eancia Sexual contra Crian\u00e7as e Adolescentes, a partir de um encontro realizado em Natal, no Rio Grande do Norte, com a elabora\u00e7\u00e3o do Plano Nacional de Enfrentamento. Os encaminhamentos pol\u00edticos e operacionais do Comit\u00ea s\u00e3o realizados por uma coordena\u00e7\u00e3o colegiada composta por 14 membros, da qual a\u00a0<strong>Childhood Brasil<\/strong>\u00a0faz parte desde 2011.<\/p>\n<p>O\u00a0Plano Nacional de Enfrentamento \u00e0 Viol\u00eancia Sexual Infanto-Juvenil \u00e9 um documento que traz uma s\u00edntese para a reestrutura\u00e7\u00e3o de pol\u00edticas, programas e servi\u00e7os de enfretamento \u00e0 viol\u00eancia sexual. Desde a ado\u00e7\u00e3o do Plano, ocorreu a cria\u00e7\u00e3o da Comiss\u00e3o Intersetorial do governo federal; o fortalecimento das redes locais; a realiza\u00e7\u00e3o de campanhas de sensibiliza\u00e7\u00e3o; a ades\u00e3o de organiza\u00e7\u00f5es p\u00fablicas e privadas \u00e0 causa; a ado\u00e7\u00e3o de C\u00f3digos de Conduta contra a Explora\u00e7\u00e3o Sexual por diferentes segmentos; e a instala\u00e7\u00e3o de delegacias e varas especializadas em crimes contra crian\u00e7as e adolescentes em alguns estados.<\/p><\/div>\n<div class=\"row dados-publicacao\"><\/div>\n","protected":false},"featured_media":0,"template":"","meta":{"_acf_changed":false},"tags":[],"class_list":["post-2224","acoes-e-iniciativas","type-acoes-e-iniciativas","status-publish","hentry"],"acf":[],"yoast_head":"<!-- This site is optimized with the Yoast SEO plugin v19.14 - https:\/\/yoast.com\/wordpress\/plugins\/seo\/ -->\n<title>Campanha Fa\u00e7a Bonito mobiliza pela prote\u00e7\u00e3o da inf\u00e2ncia - Childhood Brasil<\/title>\n<meta name=\"robots\" content=\"index, follow, max-snippet:-1, max-image-preview:large, max-video-preview:-1\" \/>\n<link rel=\"canonical\" href=\"https:\/\/www.childhood.org.br\/acoes-e-iniciativas\/campanha-faca-bonito-mobiliza-pela-protecao-da-infancia\/\" \/>\n<meta property=\"og:locale\" content=\"pt_BR\" \/>\n<meta property=\"og:type\" content=\"article\" \/>\n<meta property=\"og:title\" content=\"Campanha Fa\u00e7a Bonito mobiliza pela prote\u00e7\u00e3o da inf\u00e2ncia - Childhood Brasil\" \/>\n<meta property=\"og:description\" content=\"Para chamar a aten\u00e7\u00e3o da sociedade para o 18 de Maio, pr\u00f3xima sexta-feira e Dia Nacional de Combate ao Abuso e \u00e0 Explora\u00e7\u00e3o Sexual de crian\u00e7as e adolescentes, o\u00a0Comit\u00ea Nacional de Enfrentamento \u00e0 Viol\u00eancia Sexual contra Crian\u00e7as e Adolescentes\u00a0, lan\u00e7ou a campanha\u00a0\u201cFa\u00e7a Bonito. Proteja nossas Crian\u00e7as e Adolescentes\u201d\u00a0, em parceria com a Comiss\u00e3o Intersetorial de [&hellip;]\" \/>\n<meta property=\"og:url\" content=\"https:\/\/www.childhood.org.br\/acoes-e-iniciativas\/campanha-faca-bonito-mobiliza-pela-protecao-da-infancia\/\" \/>\n<meta property=\"og:site_name\" content=\"Childhood Brasil\" \/>\n<meta property=\"article:modified_time\" content=\"2026-01-26T14:08:27+00:00\" \/>\n<meta name=\"twitter:card\" content=\"summary_large_image\" \/>\n<meta name=\"twitter:label1\" content=\"Est. tempo de leitura\" \/>\n\t<meta name=\"twitter:data1\" content=\"3 minutos\" \/>\n<script type=\"application\/ld+json\" class=\"yoast-schema-graph\">{\"@context\":\"https:\/\/schema.org\",\"@graph\":[{\"@type\":\"WebPage\",\"@id\":\"https:\/\/www.childhood.org.br\/acoes-e-iniciativas\/campanha-faca-bonito-mobiliza-pela-protecao-da-infancia\/\",\"url\":\"https:\/\/www.childhood.org.br\/acoes-e-iniciativas\/campanha-faca-bonito-mobiliza-pela-protecao-da-infancia\/\",\"name\":\"Campanha Fa\u00e7a Bonito mobiliza pela prote\u00e7\u00e3o da inf\u00e2ncia - Childhood Brasil\",\"isPartOf\":{\"@id\":\"https:\/\/www.childhood.org.br\/#website\"},\"datePublished\":\"2012-05-16T19:52:16+00:00\",\"dateModified\":\"2026-01-26T14:08:27+00:00\",\"breadcrumb\":{\"@id\":\"https:\/\/www.childhood.org.br\/acoes-e-iniciativas\/campanha-faca-bonito-mobiliza-pela-protecao-da-infancia\/#breadcrumb\"},\"inLanguage\":\"pt-BR\",\"potentialAction\":[{\"@type\":\"ReadAction\",\"target\":[\"https:\/\/www.childhood.org.br\/acoes-e-iniciativas\/campanha-faca-bonito-mobiliza-pela-protecao-da-infancia\/\"]}]},{\"@type\":\"BreadcrumbList\",\"@id\":\"https:\/\/www.childhood.org.br\/acoes-e-iniciativas\/campanha-faca-bonito-mobiliza-pela-protecao-da-infancia\/#breadcrumb\",\"itemListElement\":[{\"@type\":\"ListItem\",\"position\":1,\"name\":\"Home\",\"item\":\"https:\/\/www.childhood.org.br\/\"},{\"@type\":\"ListItem\",\"position\":2,\"name\":\"Iniciativas Childhood\",\"item\":\"https:\/\/www.childhood.org.br\/acoes-e-iniciativas\/\"},{\"@type\":\"ListItem\",\"position\":3,\"name\":\"Campanha Fa\u00e7a Bonito mobiliza pela prote\u00e7\u00e3o da inf\u00e2ncia\"}]},{\"@type\":\"WebSite\",\"@id\":\"https:\/\/www.childhood.org.br\/#website\",\"url\":\"https:\/\/www.childhood.org.br\/\",\"name\":\"Childhood Brasil\",\"description\":\"Pioneiros na luta contra o abuso e a explora\u00e7\u00e3o sexual DE crian\u00e7as e adolescentes\",\"potentialAction\":[{\"@type\":\"SearchAction\",\"target\":{\"@type\":\"EntryPoint\",\"urlTemplate\":\"https:\/\/www.childhood.org.br\/?s={search_term_string}\"},\"query-input\":\"required name=search_term_string\"}],\"inLanguage\":\"pt-BR\"}]}<\/script>\n<!-- \/ Yoast SEO plugin. -->","yoast_head_json":{"title":"Campanha Fa\u00e7a Bonito mobiliza pela prote\u00e7\u00e3o da inf\u00e2ncia - Childhood Brasil","robots":{"index":"index","follow":"follow","max-snippet":"max-snippet:-1","max-image-preview":"max-image-preview:large","max-video-preview":"max-video-preview:-1"},"canonical":"https:\/\/www.childhood.org.br\/acoes-e-iniciativas\/campanha-faca-bonito-mobiliza-pela-protecao-da-infancia\/","og_locale":"pt_BR","og_type":"article","og_title":"Campanha Fa\u00e7a Bonito mobiliza pela prote\u00e7\u00e3o da inf\u00e2ncia - Childhood Brasil","og_description":"Para chamar a aten\u00e7\u00e3o da sociedade para o 18 de Maio, pr\u00f3xima sexta-feira e Dia Nacional de Combate ao Abuso e \u00e0 Explora\u00e7\u00e3o Sexual de crian\u00e7as e adolescentes, o\u00a0Comit\u00ea Nacional de Enfrentamento \u00e0 Viol\u00eancia Sexual contra Crian\u00e7as e Adolescentes\u00a0, lan\u00e7ou a campanha\u00a0\u201cFa\u00e7a Bonito. Proteja nossas Crian\u00e7as e Adolescentes\u201d\u00a0, em parceria com a Comiss\u00e3o Intersetorial de [&hellip;]","og_url":"https:\/\/www.childhood.org.br\/acoes-e-iniciativas\/campanha-faca-bonito-mobiliza-pela-protecao-da-infancia\/","og_site_name":"Childhood Brasil","article_modified_time":"2026-01-26T14:08:27+00:00","twitter_card":"summary_large_image","twitter_misc":{"Est. tempo de leitura":"3 minutos"},"schema":{"@context":"https:\/\/schema.org","@graph":[{"@type":"WebPage","@id":"https:\/\/www.childhood.org.br\/acoes-e-iniciativas\/campanha-faca-bonito-mobiliza-pela-protecao-da-infancia\/","url":"https:\/\/www.childhood.org.br\/acoes-e-iniciativas\/campanha-faca-bonito-mobiliza-pela-protecao-da-infancia\/","name":"Campanha Fa\u00e7a Bonito mobiliza pela prote\u00e7\u00e3o da inf\u00e2ncia - Childhood Brasil","isPartOf":{"@id":"https:\/\/www.childhood.org.br\/#website"},"datePublished":"2012-05-16T19:52:16+00:00","dateModified":"2026-01-26T14:08:27+00:00","breadcrumb":{"@id":"https:\/\/www.childhood.org.br\/acoes-e-iniciativas\/campanha-faca-bonito-mobiliza-pela-protecao-da-infancia\/#breadcrumb"},"inLanguage":"pt-BR","potentialAction":[{"@type":"ReadAction","target":["https:\/\/www.childhood.org.br\/acoes-e-iniciativas\/campanha-faca-bonito-mobiliza-pela-protecao-da-infancia\/"]}]},{"@type":"BreadcrumbList","@id":"https:\/\/www.childhood.org.br\/acoes-e-iniciativas\/campanha-faca-bonito-mobiliza-pela-protecao-da-infancia\/#breadcrumb","itemListElement":[{"@type":"ListItem","position":1,"name":"Home","item":"https:\/\/www.childhood.org.br\/"},{"@type":"ListItem","position":2,"name":"Iniciativas Childhood","item":"https:\/\/www.childhood.org.br\/acoes-e-iniciativas\/"},{"@type":"ListItem","position":3,"name":"Campanha Fa\u00e7a Bonito mobiliza pela prote\u00e7\u00e3o da inf\u00e2ncia"}]},{"@type":"WebSite","@id":"https:\/\/www.childhood.org.br\/#website","url":"https:\/\/www.childhood.org.br\/","name":"Childhood Brasil","description":"Pioneiros na luta contra o abuso e a explora\u00e7\u00e3o sexual DE crian\u00e7as e adolescentes","potentialAction":[{"@type":"SearchAction","target":{"@type":"EntryPoint","urlTemplate":"https:\/\/www.childhood.org.br\/?s={search_term_string}"},"query-input":"required name=search_term_string"}],"inLanguage":"pt-BR"}]}},"_links":{"self":[{"href":"https:\/\/www.childhood.org.br\/api\/wp\/v2\/acoes-e-iniciativas\/2224","targetHints":{"allow":["GET"]}}],"collection":[{"href":"https:\/\/www.childhood.org.br\/api\/wp\/v2\/acoes-e-iniciativas"}],"about":[{"href":"https:\/\/www.childhood.org.br\/api\/wp\/v2\/types\/acoes-e-iniciativas"}],"wp:attachment":[{"href":"https:\/\/www.childhood.org.br\/api\/wp\/v2\/media?parent=2224"}],"wp:term":[{"taxonomy":"post_tag","embeddable":true,"href":"https:\/\/www.childhood.org.br\/api\/wp\/v2\/tags?post=2224"}],"curies":[{"name":"wp","href":"https:\/\/api.w.org\/{rel}","templated":true}]}}

Campanha Faça Bonito mobiliza pela proteção da infância

<div class="texto-noticia">Para chamar a atenção da sociedade para o 18 de Maio, próxima sexta-feira e Dia Nacional de Combate ao Abuso e à Exploração Sexual de crianças e adolescentes, o <a href="http://www.comitenacional.org.br/">Comitê Nacional de Enfrentamento à Violência Sexual contra Crianças e Adolescentes</a> , lançou a campanha <a href="http://www.facabonito.com.br/">“Faça Bonito. Proteja nossas Crianças e Adolescentes”</a> , em parceria com a Comissão Intersetorial de Enfrentamento e apoio da Secretaria de Direitos Humanos da Presidência da República. O símbolo usado há quatro anos é a flor, associado à fragilidade da criança e aos desenhos da primeira infância, para sensibilizar a sociedade.</p>
<p>Desde que o Dia 18 de maio foi criado, há 12 anos, muitos avanços têm ocorrido, segundo Itamar Batista Gonçalves, gerente de programas da <strong>Childhood Brasil</strong> e representante do Comitê desde o ano passado. “O tema está mais presente nos estados, mobilizando grande parte dos municípios e é cada vez maior o engajamento do setor privado nas campanhas”, diz Itamar.  “A rede Atlântica Hotels International, parceira da <strong>Childhood Brasil</strong>, por exemplo, promove diversas ações de sensibilização de seus profissionais, colaboradores e clientes, e as empresas do Programa Na Mão Certa também divulgam a data entre os profissionais e estimulam novas ações para a proteção da infância nas estradas”.</p>
<p>O desafio do Comitê de Enfrentamento para os próximos anos, segundo Itamar, é pensar em estratégias para prevenir a violência sexual contra crianças e adolescentes com a chegada dos grandes eventos esportivos internacionais e com o crescimento das grandes obras da construção civil e de infraestrutura no País.</p>
<p><strong>História do Comitê</strong></p>
<p>Em junho de 2000, foi criado o Comitê Nacional de Enfrentamento à Violência Sexual contra Crianças e Adolescentes, a partir de um encontro realizado em Natal, no Rio Grande do Norte, com a elaboração do Plano Nacional de Enfrentamento. Os encaminhamentos políticos e operacionais do Comitê são realizados por uma coordenação colegiada composta por 14 membros, da qual a <strong>Childhood Brasil</strong> faz parte desde 2011.</p>
<p>O Plano Nacional de Enfrentamento à Violência Sexual Infanto-Juvenil é um documento que traz uma síntese para a reestruturação de políticas, programas e serviços de enfretamento à violência sexual. Desde a adoção do Plano, ocorreu a criação da Comissão Intersetorial do governo federal; o fortalecimento das redes locais; a realização de campanhas de sensibilização; a adesão de organizações públicas e privadas à causa; a adoção de Códigos de Conduta contra a Exploração Sexual por diferentes segmentos; e a instalação de delegacias e varas especializadas em crimes contra crianças e adolescentes em alguns estados.</p></div>
<div class="row dados-publicacao"></div>

<!-- This site is optimized with the Yoast SEO plugin v19.14 - https://yoast.com/wordpress/plugins/seo/ -->
<title>Campanha Faça Bonito mobiliza pela proteção da infância - Childhood Brasil</title>
<meta name="robots" content="index, follow, max-snippet:-1, max-image-preview:large, max-video-preview:-1" />
<link rel="canonical" href="https://www.childhood.org.br/acoes-e-iniciativas/campanha-faca-bonito-mobiliza-pela-protecao-da-infancia/" />
<meta property="og:locale" content="pt_BR" />
<meta property="og:type" content="article" />
<meta property="og:title" content="Campanha Faça Bonito mobiliza pela proteção da infância - Childhood Brasil" />
<meta property="og:description" content="Para chamar a atenção da sociedade para o 18 de Maio, próxima sexta-feira e Dia Nacional de Combate ao Abuso e à Exploração Sexual de crianças e adolescentes, o Comitê Nacional de Enfrentamento à Violência Sexual contra Crianças e Adolescentes , lançou a campanha “Faça Bonito. Proteja nossas Crianças e Adolescentes” , em parceria com a Comissão Intersetorial de [&hellip;]" />
<meta property="og:url" content="https://www.childhood.org.br/acoes-e-iniciativas/campanha-faca-bonito-mobiliza-pela-protecao-da-infancia/" />
<meta property="og:site_name" content="Childhood Brasil" />
<meta property="article:modified_time" content="2026-01-26T14:08:27+00:00" />
<meta name="twitter:card" content="summary_large_image" />
<meta name="twitter:label1" content="Est. tempo de leitura" />
	<meta name="twitter:data1" content="3 minutos" />
<script type="application/ld+json" class="yoast-schema-graph">{"@context":"https://schema.org","@graph":[{"@type":"WebPage","@id":"https://www.childhood.org.br/acoes-e-iniciativas/campanha-faca-bonito-mobiliza-pela-protecao-da-infancia/","url":"https://www.childhood.org.br/acoes-e-iniciativas/campanha-faca-bonito-mobiliza-pela-protecao-da-infancia/","name":"Campanha Faça Bonito mobiliza pela proteção da infância - Childhood Brasil","isPartOf":{"@id":"https://www.childhood.org.br/#website"},"datePublished":"2012-05-16T19:52:16+00:00","dateModified":"2026-01-26T14:08:27+00:00","breadcrumb":{"@id":"https://www.childhood.org.br/acoes-e-iniciativas/campanha-faca-bonito-mobiliza-pela-protecao-da-infancia/#breadcrumb"},"inLanguage":"pt-BR","potentialAction":[{"@type":"ReadAction","target":["https://www.childhood.org.br/acoes-e-iniciativas/campanha-faca-bonito-mobiliza-pela-protecao-da-infancia/"]}]},{"@type":"BreadcrumbList","@id":"https://www.childhood.org.br/acoes-e-iniciativas/campanha-faca-bonito-mobiliza-pela-protecao-da-infancia/#breadcrumb","itemListElement":[{"@type":"ListItem","position":1,"name":"Home","item":"https://www.childhood.org.br/"},{"@type":"ListItem","position":2,"name":"Iniciativas Childhood","item":"https://www.childhood.org.br/acoes-e-iniciativas/"},{"@type":"ListItem","position":3,"name":"Campanha Faça Bonito mobiliza pela proteção da infância"}]},{"@type":"WebSite","@id":"https://www.childhood.org.br/#website","url":"https://www.childhood.org.br/","name":"Childhood Brasil","description":"Pioneiros na luta contra o abuso e a exploração sexual DE crianças e adolescentes","potentialAction":[{"@type":"SearchAction","target":{"@type":"EntryPoint","urlTemplate":"https://www.childhood.org.br/?s={search_term_string}"},"query-input":"required name=search_term_string"}],"inLanguage":"pt-BR"}]}</script>
<!-- / Yoast SEO plugin. -->

Campanha Faça Bonito mobiliza pela proteção da infância - Childhood Brasil

Para chamar a atenção da sociedade para o 18 de Maio, próxima sexta-feira e Dia Nacional de Combate ao Abuso e à Exploração Sexual de crianças e adolescentes, o Comitê Nacional de Enfrentamento à Violência Sexual contra Crianças e Adolescentes , lançou a campanha “Faça Bonito. Proteja nossas Crianças e Adolescentes” , em parceria com a Comissão Intersetorial de [&hellip;]

Pioneiros na luta contra o abuso e a exploração sexual DE crianças e adolescentes
