{"id":1629,"date":"2015-10-27T13:08:06","date_gmt":"2015-10-27T15:08:06","guid":{"rendered":"https:\/\/childhoodbrasil.c7net.com.br\/?p=1629"},"modified":"2026-01-26T11:07:45","modified_gmt":"2026-01-26T14:07:45","slug":"polemica-com-masterchef-junior-mostra-o-poder-das-redes-sociais-e-evidencia-a-importancia-de-proteger-criancas-e-adolescentes","status":"publish","type":"acoes-e-iniciativas","link":"https:\/\/www.childhood.org.br\/acoes-e-iniciativas\/polemica-com-masterchef-junior-mostra-o-poder-das-redes-sociais-e-evidencia-a-importancia-de-proteger-criancas-e-adolescentes\/","title":{"rendered":"Pol\u00eamica com MasterChef J\u00fanior mostra o poder das redes sociais e evidencia a import\u00e2ncia de proteger crian\u00e7as e adolescentes"},"content":{"rendered":"<p>Nos \u00faltimos dias, as redes sociais receberam uma enxurrada de coment\u00e1rios sobre as ofensas sofridas por uma das participantes do programa \u201cMasterchef J\u00fanior\u201d. Durante a exibi\u00e7\u00e3o do programa de estreia do reality show, uma a menina de 12 anos foi alvo de coment\u00e1rios com teor sexual. Para Itamar Gon\u00e7alves, Gerente de Advocacy da\u00a0<b>Childhood Brasil<\/b>, o fato pode ser considerado um caso de ass\u00e9dio sexual, uma das modalidades de abuso sexual virtual.<\/p>\n<p>Itamar Gon\u00e7alves explica que por mais que n\u00e3o exista o contato entre as pessoas, o fato \u00e9 considerado sim uma modalidade de abuso sexual: \u201cExiste uma cultura entre os usu\u00e1rios da internet de que ela \u00e9 um espa\u00e7o livre, sem leis e responsabilidades. Mas isso n\u00e3o \u00e9 real: a situa\u00e7\u00e3o evidenciada essa semana nas redes sociais pode ser considerada como um crime cibern\u00e9tico de abuso sexual virtual\u201d.<\/p>\n<p>Para Itamar, a maior preocupa\u00e7\u00e3o no momento deve ser a prote\u00e7\u00e3o da adolescente que sofreu viol\u00eancia sexual: \u201cA primeira a\u00e7\u00e3o deve ser cuidar da crian\u00e7a e proteg\u00ea-la de todos os danos poss\u00edveis que esse ass\u00e9dio possa\u00a0 causar\u201d, enfatiza.<\/p>\n<p>Com a grande repercuss\u00e3o do caso, milhares de homens e mulheres come\u00e7aram a relatar publicamente nas redes sociais, por meio da hashtag #primeiroass\u00e9dio, a primeira vez que sofreram viol\u00eancia sexual. J\u00e1 foram contabilizados mais de 29 mil hist\u00f3rias, at\u00e9 a publica\u00e7\u00e3o deste post. \u201cAs redes sociais permitem que casos como esse, que antes ficavam apenas com a vitima e o agressor, sejam expostos ao p\u00fablico ajudando a dar dimens\u00e3o a esta grave viola\u00e7\u00e3o dos direitos de crian\u00e7as e adolescentes\u201d, destaca.<\/p>\n<p>Para come\u00e7ar a reverter essa situa\u00e7\u00e3o triste, segundo Gon\u00e7alves, \u00e9 preciso rever a forma que se ensina ou fala de sexo dentro de casa, espa\u00e7os comunit\u00e1rios e nas escolas: \u201cA sexualidade ainda \u00e9 um tabu no Brasil. Precisamos ajudar as crian\u00e7as e adolescentes a distinguir um toque de carinho por um adulto pelo de abuso. A preven\u00e7\u00e3o do abuso sexual contra crian\u00e7as e adolescentes deve ocorrer na perspectiva da educa\u00e7\u00e3o global. A crian\u00e7a precisa saber caso ocorra a viol\u00eancia sexual que o culpado \u00e9 sempre o agressor e n\u00e3o ela.\u201d.<\/p>\n<p>\u00c9 importante que os respons\u00e1veis por crian\u00e7as ou adolescentes sempre mantenham uma rela\u00e7\u00e3o de confian\u00e7a, de forma que se algo ocorrer, ela se sinta confort\u00e1vel para relatar o ocorrido. Al\u00e9m disso, dispor de tempo para ouvir crian\u00e7as e adolescentes e acreditar nelas, \u00e9 essencial. Muitas das pessoas que passaram por viol\u00eancia, sentem-se ressentidas pois, ao revelar suas experi\u00eancias para \u00a0adultos e respons\u00e1veis, estes n\u00e3o acreditaram ou n\u00e3o deram a devida aten\u00e7\u00e3o ao problema.<\/p>\n","protected":false},"featured_media":0,"template":"","meta":{"_acf_changed":false},"tags":[],"class_list":["post-1629","acoes-e-iniciativas","type-acoes-e-iniciativas","status-publish","hentry"],"acf":[],"yoast_head":"<!-- This site is optimized with the Yoast SEO plugin v19.14 - https:\/\/yoast.com\/wordpress\/plugins\/seo\/ -->\n<title>Pol\u00eamica com MasterChef J\u00fanior mostra o poder das redes sociais e evidencia a import\u00e2ncia de proteger crian\u00e7as e adolescentes - Childhood Brasil<\/title>\n<meta name=\"robots\" content=\"index, follow, max-snippet:-1, max-image-preview:large, max-video-preview:-1\" \/>\n<link rel=\"canonical\" href=\"https:\/\/www.childhood.org.br\/acoes-e-iniciativas\/polemica-com-masterchef-junior-mostra-o-poder-das-redes-sociais-e-evidencia-a-importancia-de-proteger-criancas-e-adolescentes\/\" \/>\n<meta property=\"og:locale\" content=\"pt_BR\" \/>\n<meta property=\"og:type\" content=\"article\" \/>\n<meta property=\"og:title\" content=\"Pol\u00eamica com MasterChef J\u00fanior mostra o poder das redes sociais e evidencia a import\u00e2ncia de proteger crian\u00e7as e adolescentes - Childhood Brasil\" \/>\n<meta property=\"og:description\" content=\"Nos \u00faltimos dias, as redes sociais receberam uma enxurrada de coment\u00e1rios sobre as ofensas sofridas por uma das participantes do programa \u201cMasterchef J\u00fanior\u201d. Durante a exibi\u00e7\u00e3o do programa de estreia do reality show, uma a menina de 12 anos foi alvo de coment\u00e1rios com teor sexual. Para Itamar Gon\u00e7alves, Gerente de Advocacy da\u00a0Childhood Brasil, o [&hellip;]\" \/>\n<meta property=\"og:url\" content=\"https:\/\/www.childhood.org.br\/acoes-e-iniciativas\/polemica-com-masterchef-junior-mostra-o-poder-das-redes-sociais-e-evidencia-a-importancia-de-proteger-criancas-e-adolescentes\/\" \/>\n<meta property=\"og:site_name\" content=\"Childhood Brasil\" \/>\n<meta property=\"article:modified_time\" content=\"2026-01-26T14:07:45+00:00\" \/>\n<meta name=\"twitter:card\" content=\"summary_large_image\" \/>\n<meta name=\"twitter:label1\" content=\"Est. tempo de leitura\" \/>\n\t<meta name=\"twitter:data1\" content=\"3 minutos\" \/>\n<script type=\"application\/ld+json\" class=\"yoast-schema-graph\">{\"@context\":\"https:\/\/schema.org\",\"@graph\":[{\"@type\":\"WebPage\",\"@id\":\"https:\/\/www.childhood.org.br\/acoes-e-iniciativas\/polemica-com-masterchef-junior-mostra-o-poder-das-redes-sociais-e-evidencia-a-importancia-de-proteger-criancas-e-adolescentes\/\",\"url\":\"https:\/\/www.childhood.org.br\/acoes-e-iniciativas\/polemica-com-masterchef-junior-mostra-o-poder-das-redes-sociais-e-evidencia-a-importancia-de-proteger-criancas-e-adolescentes\/\",\"name\":\"Pol\u00eamica com MasterChef J\u00fanior mostra o poder das redes sociais e evidencia a import\u00e2ncia de proteger crian\u00e7as e adolescentes - Childhood Brasil\",\"isPartOf\":{\"@id\":\"https:\/\/www.childhood.org.br\/#website\"},\"datePublished\":\"2015-10-27T15:08:06+00:00\",\"dateModified\":\"2026-01-26T14:07:45+00:00\",\"breadcrumb\":{\"@id\":\"https:\/\/www.childhood.org.br\/acoes-e-iniciativas\/polemica-com-masterchef-junior-mostra-o-poder-das-redes-sociais-e-evidencia-a-importancia-de-proteger-criancas-e-adolescentes\/#breadcrumb\"},\"inLanguage\":\"pt-BR\",\"potentialAction\":[{\"@type\":\"ReadAction\",\"target\":[\"https:\/\/www.childhood.org.br\/acoes-e-iniciativas\/polemica-com-masterchef-junior-mostra-o-poder-das-redes-sociais-e-evidencia-a-importancia-de-proteger-criancas-e-adolescentes\/\"]}]},{\"@type\":\"BreadcrumbList\",\"@id\":\"https:\/\/www.childhood.org.br\/acoes-e-iniciativas\/polemica-com-masterchef-junior-mostra-o-poder-das-redes-sociais-e-evidencia-a-importancia-de-proteger-criancas-e-adolescentes\/#breadcrumb\",\"itemListElement\":[{\"@type\":\"ListItem\",\"position\":1,\"name\":\"Home\",\"item\":\"https:\/\/www.childhood.org.br\/\"},{\"@type\":\"ListItem\",\"position\":2,\"name\":\"Iniciativas Childhood\",\"item\":\"https:\/\/www.childhood.org.br\/acoes-e-iniciativas\/\"},{\"@type\":\"ListItem\",\"position\":3,\"name\":\"Pol\u00eamica com MasterChef J\u00fanior mostra o poder das redes sociais e evidencia a import\u00e2ncia de proteger crian\u00e7as e adolescentes\"}]},{\"@type\":\"WebSite\",\"@id\":\"https:\/\/www.childhood.org.br\/#website\",\"url\":\"https:\/\/www.childhood.org.br\/\",\"name\":\"Childhood Brasil\",\"description\":\"Pioneiros na luta contra o abuso e a explora\u00e7\u00e3o sexual DE crian\u00e7as e adolescentes\",\"potentialAction\":[{\"@type\":\"SearchAction\",\"target\":{\"@type\":\"EntryPoint\",\"urlTemplate\":\"https:\/\/www.childhood.org.br\/?s={search_term_string}\"},\"query-input\":\"required name=search_term_string\"}],\"inLanguage\":\"pt-BR\"}]}<\/script>\n<!-- \/ Yoast SEO plugin. -->","yoast_head_json":{"title":"Pol\u00eamica com MasterChef J\u00fanior mostra o poder das redes sociais e evidencia a import\u00e2ncia de proteger crian\u00e7as e adolescentes - Childhood Brasil","robots":{"index":"index","follow":"follow","max-snippet":"max-snippet:-1","max-image-preview":"max-image-preview:large","max-video-preview":"max-video-preview:-1"},"canonical":"https:\/\/www.childhood.org.br\/acoes-e-iniciativas\/polemica-com-masterchef-junior-mostra-o-poder-das-redes-sociais-e-evidencia-a-importancia-de-proteger-criancas-e-adolescentes\/","og_locale":"pt_BR","og_type":"article","og_title":"Pol\u00eamica com MasterChef J\u00fanior mostra o poder das redes sociais e evidencia a import\u00e2ncia de proteger crian\u00e7as e adolescentes - Childhood Brasil","og_description":"Nos \u00faltimos dias, as redes sociais receberam uma enxurrada de coment\u00e1rios sobre as ofensas sofridas por uma das participantes do programa \u201cMasterchef J\u00fanior\u201d. Durante a exibi\u00e7\u00e3o do programa de estreia do reality show, uma a menina de 12 anos foi alvo de coment\u00e1rios com teor sexual. Para Itamar Gon\u00e7alves, Gerente de Advocacy da\u00a0Childhood Brasil, o [&hellip;]","og_url":"https:\/\/www.childhood.org.br\/acoes-e-iniciativas\/polemica-com-masterchef-junior-mostra-o-poder-das-redes-sociais-e-evidencia-a-importancia-de-proteger-criancas-e-adolescentes\/","og_site_name":"Childhood Brasil","article_modified_time":"2026-01-26T14:07:45+00:00","twitter_card":"summary_large_image","twitter_misc":{"Est. tempo de leitura":"3 minutos"},"schema":{"@context":"https:\/\/schema.org","@graph":[{"@type":"WebPage","@id":"https:\/\/www.childhood.org.br\/acoes-e-iniciativas\/polemica-com-masterchef-junior-mostra-o-poder-das-redes-sociais-e-evidencia-a-importancia-de-proteger-criancas-e-adolescentes\/","url":"https:\/\/www.childhood.org.br\/acoes-e-iniciativas\/polemica-com-masterchef-junior-mostra-o-poder-das-redes-sociais-e-evidencia-a-importancia-de-proteger-criancas-e-adolescentes\/","name":"Pol\u00eamica com MasterChef J\u00fanior mostra o poder das redes sociais e evidencia a import\u00e2ncia de proteger crian\u00e7as e adolescentes - Childhood Brasil","isPartOf":{"@id":"https:\/\/www.childhood.org.br\/#website"},"datePublished":"2015-10-27T15:08:06+00:00","dateModified":"2026-01-26T14:07:45+00:00","breadcrumb":{"@id":"https:\/\/www.childhood.org.br\/acoes-e-iniciativas\/polemica-com-masterchef-junior-mostra-o-poder-das-redes-sociais-e-evidencia-a-importancia-de-proteger-criancas-e-adolescentes\/#breadcrumb"},"inLanguage":"pt-BR","potentialAction":[{"@type":"ReadAction","target":["https:\/\/www.childhood.org.br\/acoes-e-iniciativas\/polemica-com-masterchef-junior-mostra-o-poder-das-redes-sociais-e-evidencia-a-importancia-de-proteger-criancas-e-adolescentes\/"]}]},{"@type":"BreadcrumbList","@id":"https:\/\/www.childhood.org.br\/acoes-e-iniciativas\/polemica-com-masterchef-junior-mostra-o-poder-das-redes-sociais-e-evidencia-a-importancia-de-proteger-criancas-e-adolescentes\/#breadcrumb","itemListElement":[{"@type":"ListItem","position":1,"name":"Home","item":"https:\/\/www.childhood.org.br\/"},{"@type":"ListItem","position":2,"name":"Iniciativas Childhood","item":"https:\/\/www.childhood.org.br\/acoes-e-iniciativas\/"},{"@type":"ListItem","position":3,"name":"Pol\u00eamica com MasterChef J\u00fanior mostra o poder das redes sociais e evidencia a import\u00e2ncia de proteger crian\u00e7as e adolescentes"}]},{"@type":"WebSite","@id":"https:\/\/www.childhood.org.br\/#website","url":"https:\/\/www.childhood.org.br\/","name":"Childhood Brasil","description":"Pioneiros na luta contra o abuso e a explora\u00e7\u00e3o sexual DE crian\u00e7as e adolescentes","potentialAction":[{"@type":"SearchAction","target":{"@type":"EntryPoint","urlTemplate":"https:\/\/www.childhood.org.br\/?s={search_term_string}"},"query-input":"required name=search_term_string"}],"inLanguage":"pt-BR"}]}},"_links":{"self":[{"href":"https:\/\/www.childhood.org.br\/api\/wp\/v2\/acoes-e-iniciativas\/1629","targetHints":{"allow":["GET"]}}],"collection":[{"href":"https:\/\/www.childhood.org.br\/api\/wp\/v2\/acoes-e-iniciativas"}],"about":[{"href":"https:\/\/www.childhood.org.br\/api\/wp\/v2\/types\/acoes-e-iniciativas"}],"wp:attachment":[{"href":"https:\/\/www.childhood.org.br\/api\/wp\/v2\/media?parent=1629"}],"wp:term":[{"taxonomy":"post_tag","embeddable":true,"href":"https:\/\/www.childhood.org.br\/api\/wp\/v2\/tags?post=1629"}],"curies":[{"name":"wp","href":"https:\/\/api.w.org\/{rel}","templated":true}]}}

Polêmica com MasterChef Júnior mostra o poder das redes sociais e evidencia a importância de proteger crianças e adolescentes

<p>Nos últimos dias, as redes sociais receberam uma enxurrada de comentários sobre as ofensas sofridas por uma das participantes do programa “Masterchef Júnior”. Durante a exibição do programa de estreia do reality show, uma a menina de 12 anos foi alvo de comentários com teor sexual. Para Itamar Gonçalves, Gerente de Advocacy da <b>Childhood Brasil</b>, o fato pode ser considerado um caso de assédio sexual, uma das modalidades de abuso sexual virtual.</p>
<p>Itamar Gonçalves explica que por mais que não exista o contato entre as pessoas, o fato é considerado sim uma modalidade de abuso sexual: “Existe uma cultura entre os usuários da internet de que ela é um espaço livre, sem leis e responsabilidades. Mas isso não é real: a situação evidenciada essa semana nas redes sociais pode ser considerada como um crime cibernético de abuso sexual virtual”.</p>
<p>Para Itamar, a maior preocupação no momento deve ser a proteção da adolescente que sofreu violência sexual: “A primeira ação deve ser cuidar da criança e protegê-la de todos os danos possíveis que esse assédio possa  causar”, enfatiza.</p>
<p>Com a grande repercussão do caso, milhares de homens e mulheres começaram a relatar publicamente nas redes sociais, por meio da hashtag #primeiroassédio, a primeira vez que sofreram violência sexual. Já foram contabilizados mais de 29 mil histórias, até a publicação deste post. “As redes sociais permitem que casos como esse, que antes ficavam apenas com a vitima e o agressor, sejam expostos ao público ajudando a dar dimensão a esta grave violação dos direitos de crianças e adolescentes”, destaca.</p>
<p>Para começar a reverter essa situação triste, segundo Gonçalves, é preciso rever a forma que se ensina ou fala de sexo dentro de casa, espaços comunitários e nas escolas: “A sexualidade ainda é um tabu no Brasil. Precisamos ajudar as crianças e adolescentes a distinguir um toque de carinho por um adulto pelo de abuso. A prevenção do abuso sexual contra crianças e adolescentes deve ocorrer na perspectiva da educação global. A criança precisa saber caso ocorra a violência sexual que o culpado é sempre o agressor e não ela.”.</p>
<p>É importante que os responsáveis por crianças ou adolescentes sempre mantenham uma relação de confiança, de forma que se algo ocorrer, ela se sinta confortável para relatar o ocorrido. Além disso, dispor de tempo para ouvir crianças e adolescentes e acreditar nelas, é essencial. Muitas das pessoas que passaram por violência, sentem-se ressentidas pois, ao revelar suas experiências para  adultos e responsáveis, estes não acreditaram ou não deram a devida atenção ao problema.</p>

<!-- This site is optimized with the Yoast SEO plugin v19.14 - https://yoast.com/wordpress/plugins/seo/ -->
<title>Polêmica com MasterChef Júnior mostra o poder das redes sociais e evidencia a importância de proteger crianças e adolescentes - Childhood Brasil</title>
<meta name="robots" content="index, follow, max-snippet:-1, max-image-preview:large, max-video-preview:-1" />
<link rel="canonical" href="https://www.childhood.org.br/acoes-e-iniciativas/polemica-com-masterchef-junior-mostra-o-poder-das-redes-sociais-e-evidencia-a-importancia-de-proteger-criancas-e-adolescentes/" />
<meta property="og:locale" content="pt_BR" />
<meta property="og:type" content="article" />
<meta property="og:title" content="Polêmica com MasterChef Júnior mostra o poder das redes sociais e evidencia a importância de proteger crianças e adolescentes - Childhood Brasil" />
<meta property="og:description" content="Nos últimos dias, as redes sociais receberam uma enxurrada de comentários sobre as ofensas sofridas por uma das participantes do programa “Masterchef Júnior”. Durante a exibição do programa de estreia do reality show, uma a menina de 12 anos foi alvo de comentários com teor sexual. Para Itamar Gonçalves, Gerente de Advocacy da Childhood Brasil, o [&hellip;]" />
<meta property="og:url" content="https://www.childhood.org.br/acoes-e-iniciativas/polemica-com-masterchef-junior-mostra-o-poder-das-redes-sociais-e-evidencia-a-importancia-de-proteger-criancas-e-adolescentes/" />
<meta property="og:site_name" content="Childhood Brasil" />
<meta property="article:modified_time" content="2026-01-26T14:07:45+00:00" />
<meta name="twitter:card" content="summary_large_image" />
<meta name="twitter:label1" content="Est. tempo de leitura" />
	<meta name="twitter:data1" content="3 minutos" />
<script type="application/ld+json" class="yoast-schema-graph">{"@context":"https://schema.org","@graph":[{"@type":"WebPage","@id":"https://www.childhood.org.br/acoes-e-iniciativas/polemica-com-masterchef-junior-mostra-o-poder-das-redes-sociais-e-evidencia-a-importancia-de-proteger-criancas-e-adolescentes/","url":"https://www.childhood.org.br/acoes-e-iniciativas/polemica-com-masterchef-junior-mostra-o-poder-das-redes-sociais-e-evidencia-a-importancia-de-proteger-criancas-e-adolescentes/","name":"Polêmica com MasterChef Júnior mostra o poder das redes sociais e evidencia a importância de proteger crianças e adolescentes - Childhood Brasil","isPartOf":{"@id":"https://www.childhood.org.br/#website"},"datePublished":"2015-10-27T15:08:06+00:00","dateModified":"2026-01-26T14:07:45+00:00","breadcrumb":{"@id":"https://www.childhood.org.br/acoes-e-iniciativas/polemica-com-masterchef-junior-mostra-o-poder-das-redes-sociais-e-evidencia-a-importancia-de-proteger-criancas-e-adolescentes/#breadcrumb"},"inLanguage":"pt-BR","potentialAction":[{"@type":"ReadAction","target":["https://www.childhood.org.br/acoes-e-iniciativas/polemica-com-masterchef-junior-mostra-o-poder-das-redes-sociais-e-evidencia-a-importancia-de-proteger-criancas-e-adolescentes/"]}]},{"@type":"BreadcrumbList","@id":"https://www.childhood.org.br/acoes-e-iniciativas/polemica-com-masterchef-junior-mostra-o-poder-das-redes-sociais-e-evidencia-a-importancia-de-proteger-criancas-e-adolescentes/#breadcrumb","itemListElement":[{"@type":"ListItem","position":1,"name":"Home","item":"https://www.childhood.org.br/"},{"@type":"ListItem","position":2,"name":"Iniciativas Childhood","item":"https://www.childhood.org.br/acoes-e-iniciativas/"},{"@type":"ListItem","position":3,"name":"Polêmica com MasterChef Júnior mostra o poder das redes sociais e evidencia a importância de proteger crianças e adolescentes"}]},{"@type":"WebSite","@id":"https://www.childhood.org.br/#website","url":"https://www.childhood.org.br/","name":"Childhood Brasil","description":"Pioneiros na luta contra o abuso e a exploração sexual DE crianças e adolescentes","potentialAction":[{"@type":"SearchAction","target":{"@type":"EntryPoint","urlTemplate":"https://www.childhood.org.br/?s={search_term_string}"},"query-input":"required name=search_term_string"}],"inLanguage":"pt-BR"}]}</script>
<!-- / Yoast SEO plugin. -->

Polêmica com MasterChef Júnior mostra o poder das redes sociais e evidencia a importância de proteger crianças e adolescentes - Childhood Brasil

Nos últimos dias, as redes sociais receberam uma enxurrada de comentários sobre as ofensas sofridas por uma das participantes do programa “Masterchef Júnior”. Durante a exibição do programa de estreia do reality show, uma a menina de 12 anos foi alvo de comentários com teor sexual. Para Itamar Gonçalves, Gerente de Advocacy da Childhood Brasil, o [&hellip;]

Pioneiros na luta contra o abuso e a exploração sexual DE crianças e adolescentes
